Last updated on 2023-12-10 18:52:13 CET.
Flavor | Version | Tinstall | Tcheck | Ttotal | Status | Flags |
---|---|---|---|---|---|---|
r-devel-linux-x86_64-debian-clang | 0.9-1 | 2.63 | 65.63 | 68.26 | OK | |
r-devel-linux-x86_64-debian-gcc | 0.9-1 | 2.59 | 49.90 | 52.49 | OK | |
r-devel-linux-x86_64-fedora-clang | 0.9-1 | 82.66 | NOTE | |||
r-devel-linux-x86_64-fedora-gcc | 0.9-1 | 95.92 | OK | |||
r-devel-windows-x86_64 | 0.9-1 | 5.00 | 84.00 | 89.00 | OK | |
r-patched-linux-x86_64 | 0.9-1 | 5.01 | 63.90 | 68.91 | OK | |
r-release-linux-x86_64 | 0.9-1 | 3.05 | 63.22 | 66.27 | OK | |
r-release-macos-arm64 | 0.9-1 | 50.00 | OK | |||
r-release-macos-x86_64 | 0.9-1 | 100.00 | OK | |||
r-release-windows-x86_64 | 0.9-1 | 7.00 | 101.00 | 108.00 | OK | |
r-oldrel-macos-arm64 | 0.9-1 | 45.00 | OK | |||
r-oldrel-macos-x86_64 | 0.9-1 | 50.00 | OK | |||
r-oldrel-windows-x86_64 | 0.9-1 | 6.00 | 102.00 | 108.00 | OK |
Version: 0.9-1
Check: Rd cross-references
Result: NOTE
Undeclared packages ‘Guerry’, ‘alr4’, ‘agridat’, ‘coin’ in Rd xrefs
Flavor: r-devel-linux-x86_64-fedora-clang