CRAN Package Check Results for Package Hmisc

Last updated on 2024-03-02 18:54:02 CET.

Flavor Version Tinstall Tcheck Ttotal Status Flags
r-devel-linux-x86_64-debian-clang 5.1-1 52.18 380.14 432.32 NOTE
r-devel-linux-x86_64-debian-gcc 5.1-1 47.35 276.16 323.51 NOTE
r-devel-linux-x86_64-fedora-clang 5.1-1 523.42 NOTE
r-devel-linux-x86_64-fedora-gcc 5.1-1 550.25 NOTE
r-devel-windows-x86_64 5.1-1 53.00 326.00 379.00 NOTE
r-patched-linux-x86_64 5.1-1 55.45 361.29 416.74 NOTE
r-release-linux-x86_64 5.1-1 40.14 367.59 407.73 NOTE
r-release-macos-arm64 5.1-1 152.00 NOTE
r-release-macos-x86_64 5.1-1 251.00 NOTE
r-release-windows-x86_64 5.1-1 74.00 421.00 495.00 NOTE
r-oldrel-macos-arm64 5.1-1 123.00 NOTE
r-oldrel-windows-x86_64 5.1-1 74.00 392.00 466.00 NOTE

Check Details

Version: 5.1-1
Check: R code for possible problems
Result: NOTE html_describe_con: multiple local function definitions for ā€˜gā€™ with different formal arguments Flavors: r-devel-linux-x86_64-debian-clang, r-devel-linux-x86_64-debian-gcc, r-devel-linux-x86_64-fedora-clang, r-devel-linux-x86_64-fedora-gcc, r-devel-windows-x86_64, r-patched-linux-x86_64, r-release-linux-x86_64, r-release-macos-arm64, r-release-macos-x86_64, r-release-windows-x86_64, r-oldrel-macos-arm64, r-oldrel-windows-x86_64

Version: 5.1-1
Check: Rd files
Result: NOTE checkRd: (-1) summaryP.Rd:29: Lost braces 29 | \code{Hmisc::dotchartpl} with code{plotly} if \code{marginVal} is | ^ checkRd: (-1) windows/sas.get.Rd:318: Escaped LaTeX specials: \_ Flavors: r-devel-linux-x86_64-debian-clang, r-devel-linux-x86_64-debian-gcc, r-devel-linux-x86_64-fedora-clang, r-devel-linux-x86_64-fedora-gcc

Version: 5.1-1
Check: Rd files
Result: NOTE checkRd: (-1) windows/sas.get.Rd:318: Escaped LaTeX specials: \_ Flavor: r-devel-windows-x86_64