CRAN Package Check Results for Package HomomorphicEncryption

Last updated on 2024-06-12 20:58:59 CEST.

Flavor Version Tinstall Tcheck Ttotal Status Flags
r-devel-linux-x86_64-debian-clang 0.9.0 2.29 68.72 71.01 OK
r-devel-linux-x86_64-debian-gcc 0.9.0 1.89 53.23 55.12 ERROR
r-devel-linux-x86_64-fedora-clang 0.9.0 95.39 OK
r-devel-linux-x86_64-fedora-gcc 0.9.0 107.28 OK
r-devel-windows-x86_64 0.9.0 3.00 85.00 88.00 OK
r-patched-linux-x86_64 0.9.0 3.13 67.89 71.02 OK
r-release-linux-x86_64 0.9.0 2.00 66.87 68.87 OK
r-release-macos-arm64 0.9.0 43.00 OK
r-release-macos-x86_64 0.9.0 76.00 OK
r-release-windows-x86_64 0.9.0 4.00 87.00 91.00 OK
r-oldrel-macos-arm64 0.9.0 51.00 OK
r-oldrel-macos-x86_64 0.9.0 111.00 OK
r-oldrel-windows-x86_64 0.9.0 4.00 89.00 93.00 OK

Check Details

Version: 0.9.0
Check: package dependencies
Result: NOTE Package suggested but not available for checking: ‘testthat’ Flavor: r-devel-linux-x86_64-debian-gcc

Version: 0.9.0
Check: tests
Result: ERROR Running ‘testthat.R’ [0s/1s] Running the tests in ‘tests/testthat.R’ failed. Complete output: > # This file is part of the standard setup for testthat. > # It is recommended that you do not modify it. > # > # Where should you do additional test configuration? > # Learn more about the roles of various files in: > # * https://r-pkgs.org/tests.html > # * https://testthat.r-lib.org/reference/test_package.html#special-files > > library(testthat) Error in library(testthat) : there is no package called 'testthat' Execution halted Flavor: r-devel-linux-x86_64-debian-gcc