Last updated on 2023-12-07 18:49:29 CET.
Flavor | Version | Tinstall | Tcheck | Ttotal | Status | Flags |
---|---|---|---|---|---|---|
r-devel-linux-x86_64-debian-clang | 0.3 | 5.91 | 49.09 | 55.00 | NOTE | |
r-devel-linux-x86_64-debian-gcc | 0.3 | 4.61 | 37.97 | 42.58 | NOTE | |
r-devel-linux-x86_64-fedora-clang | 0.3 | 65.98 | OK | |||
r-devel-linux-x86_64-fedora-gcc | 0.3 | 62.11 | OK | |||
r-devel-windows-x86_64 | 0.3 | 6.00 | 62.00 | 68.00 | OK | |
r-patched-linux-x86_64 | 0.3 | 5.46 | 47.14 | 52.60 | OK | |
r-release-linux-x86_64 | 0.3 | 5.06 | 47.04 | 52.10 | OK | |
r-release-macos-arm64 | 0.3 | 26.00 | OK | |||
r-release-macos-x86_64 | 0.3 | 38.00 | OK | |||
r-release-windows-x86_64 | 0.3 | 8.00 | 67.00 | 75.00 | OK | |
r-oldrel-macos-arm64 | 0.3 | 24.00 | OK | |||
r-oldrel-macos-x86_64 | 0.3 | 43.00 | OK | |||
r-oldrel-windows-x86_64 | 0.3 | 8.00 | 70.00 | 78.00 | OK |
Version: 0.3
Check: Rd files
Result: NOTE
checkRd: (-1) IATData.Rd:24: Lost braces; missing escapes or markup?
24 | Dan Martin {dpmartin42@gmail.com}
| ^
Flavors: r-devel-linux-x86_64-debian-clang, r-devel-linux-x86_64-debian-gcc