CRAN Package Check Results for Package IETD

Last updated on 2023-11-30 18:49:32 CET.

Flavor Version Tinstall Tcheck Ttotal Status Flags
r-devel-linux-x86_64-debian-clang 1.0.0 6.52 67.39 73.91 OK
r-devel-linux-x86_64-debian-gcc 1.0.0 5.96 49.94 55.90 OK
r-devel-linux-x86_64-fedora-clang 1.0.0 89.15 NOTE
r-devel-linux-x86_64-fedora-gcc 1.0.0 86.98 NOTE
r-devel-windows-x86_64 1.0.0 8.00 84.00 92.00 OK
r-patched-linux-x86_64 1.0.0 6.79 64.08 70.87 OK
r-release-linux-x86_64 1.0.0 7.01 62.51 69.52 OK
r-release-macos-arm64 1.0.0 32.00 OK
r-release-macos-x86_64 1.0.0 46.00 OK
r-release-windows-x86_64 1.0.0 9.00 100.00 109.00 OK
r-oldrel-macos-arm64 1.0.0 39.00 NOTE
r-oldrel-macos-x86_64 1.0.0 55.00 NOTE
r-oldrel-windows-x86_64 1.0.0 9.00 105.00 114.00 OK

Check Details

Version: 1.0.0
Check: dependencies in R code
Result: NOTE Namespace in Imports field not imported from: ‘Rdpack’ All declared Imports should be used. Flavors: r-devel-linux-x86_64-fedora-clang, r-devel-linux-x86_64-fedora-gcc, r-oldrel-macos-arm64, r-oldrel-macos-x86_64