Last updated on 2023-11-29 18:48:49 CET.
Flavor | Version | Tinstall | Tcheck | Ttotal | Status | Flags |
---|---|---|---|---|---|---|
r-devel-linux-x86_64-debian-clang | 1.1 | 7.04 | 61.30 | 68.34 | NOTE | |
r-devel-linux-x86_64-debian-gcc | 1.1 | 6.32 | 45.31 | 51.63 | NOTE | |
r-devel-linux-x86_64-fedora-clang | 1.1 | 83.26 | NOTE | |||
r-devel-linux-x86_64-fedora-gcc | 1.1 | 80.51 | NOTE | |||
r-devel-windows-x86_64 | 1.1 | 7.00 | 70.00 | 77.00 | NOTE | |
r-patched-linux-x86_64 | 1.1 | 5.71 | 56.96 | 62.67 | NOTE | |
r-release-linux-x86_64 | 1.1 | 4.56 | 56.69 | 61.25 | NOTE | |
r-release-macos-arm64 | 1.1 | 29.00 | NOTE | |||
r-release-macos-x86_64 | 1.1 | 40.00 | NOTE | |||
r-release-windows-x86_64 | 1.1 | 11.00 | 74.00 | 85.00 | NOTE | |
r-oldrel-macos-arm64 | 1.1 | 27.00 | NOTE | |||
r-oldrel-macos-x86_64 | 1.1 | 54.00 | NOTE | |||
r-oldrel-windows-x86_64 | 1.1 | 11.00 | 80.00 | 91.00 | NOTE |
Version: 1.1
Check: LazyData
Result: NOTE
'LazyData' is specified without a 'data' directory
Flavors: r-devel-linux-x86_64-debian-clang, r-devel-linux-x86_64-debian-gcc, r-devel-linux-x86_64-fedora-clang, r-devel-linux-x86_64-fedora-gcc, r-devel-windows-x86_64, r-patched-linux-x86_64, r-release-linux-x86_64, r-release-macos-arm64, r-release-macos-x86_64, r-release-windows-x86_64, r-oldrel-macos-arm64, r-oldrel-macos-x86_64, r-oldrel-windows-x86_64