Last updated on 2023-12-09 18:54:20 CET.
Flavor | Version | Tinstall | Tcheck | Ttotal | Status | Flags |
---|---|---|---|---|---|---|
r-devel-linux-x86_64-debian-clang | 0.0.4 | 30.91 | 311.51 | 342.42 | OK | |
r-devel-linux-x86_64-debian-gcc | 0.0.4 | 22.16 | 229.80 | 251.96 | OK | |
r-devel-linux-x86_64-fedora-clang | 0.0.4 | 460.74 | NOTE | |||
r-devel-linux-x86_64-fedora-gcc | 0.0.4 | 428.82 | NOTE | |||
r-devel-windows-x86_64 | 0.0.4 | 27.00 | 209.00 | 236.00 | OK | |
r-patched-linux-x86_64 | 0.0.4 | 28.63 | 298.64 | 327.27 | OK | |
r-release-linux-x86_64 | 0.0.4 | 37.94 | 298.37 | 336.31 | OK | |
r-release-macos-arm64 | 0.0.4 | 128.00 | OK | |||
r-release-macos-x86_64 | 0.0.4 | 281.00 | OK | |||
r-release-windows-x86_64 | 0.0.4 | 26.00 | 257.00 | 283.00 | OK | |
r-oldrel-macos-arm64 | 0.0.4 | 135.00 | OK | |||
r-oldrel-macos-x86_64 | 0.0.4 | 753.00 | OK | |||
r-oldrel-windows-x86_64 | 0.0.4 | 28.00 | 261.00 | 289.00 | OK |
Version: 0.0.4
Check: data for non-ASCII characters
Result: NOTE
Note: found 1 marked UTF-8 string
Flavors: r-devel-linux-x86_64-fedora-clang, r-devel-linux-x86_64-fedora-gcc