CRAN Package Check Results for Package Infusion

Last updated on 2023-12-05 18:49:26 CET.

Flavor Version Tinstall Tcheck Ttotal Status Flags
r-devel-linux-x86_64-debian-clang 2.1.0 17.82 154.42 172.24 NOTE
r-devel-linux-x86_64-debian-gcc 2.1.0 15.20 113.61 128.81 NOTE
r-devel-linux-x86_64-fedora-clang 2.1.0 224.55 OK
r-devel-linux-x86_64-fedora-gcc 2.1.0 208.41 OK
r-devel-windows-x86_64 2.1.0 18.00 129.00 147.00 OK
r-patched-linux-x86_64 2.1.0 21.36 146.70 168.06 OK
r-release-linux-x86_64 2.1.0 14.37 146.12 160.49 OK
r-release-macos-arm64 2.1.0 56.00 OK
r-release-macos-x86_64 2.1.0 121.00 OK
r-release-windows-x86_64 2.1.0 23.00 155.00 178.00 OK
r-oldrel-macos-arm64 2.1.0 55.00 OK
r-oldrel-macos-x86_64 2.1.0 78.00 OK
r-oldrel-windows-x86_64 2.1.0 24.00 155.00 179.00 OK

Check Details

Version: 2.1.0
Check: Rd files
Result: NOTE checkRd: (-1) write_workflow.Rd:8: Lost braces 8 | code{write_workflow} writes a workflow script for inference. Beyond possibly saving some typing, this suggests what may be a reasonably good starting workflow. One should not expect to control all options of the workflow through the \code{write_workflow} arguments. | ^ Flavors: r-devel-linux-x86_64-debian-clang, r-devel-linux-x86_64-debian-gcc