CRAN Package Check Results for Package InspectChangepoint

Last updated on 2024-04-22 21:52:48 CEST.

Flavor Version Tinstall Tcheck Ttotal Status Flags
r-devel-linux-x86_64-debian-clang 1.2 3.38 44.02 47.40 NOTE
r-devel-linux-x86_64-debian-gcc 1.2 1.79 33.90 35.69 NOTE
r-devel-linux-x86_64-fedora-clang 1.2 59.11 NOTE
r-devel-linux-x86_64-fedora-gcc 1.2 58.86 NOTE
r-prerel-macos-arm64 1.2 22.00 NOTE
r-prerel-windows-x86_64 1.2 3.00 64.00 67.00 NOTE
r-patched-linux-x86_64 1.2 3.68 42.09 45.77 NOTE
r-release-linux-x86_64 1.2 1.97 41.41 43.38 OK
r-release-macos-arm64 1.2 23.00 OK
r-release-macos-x86_64 1.2 34.00 OK
r-release-windows-x86_64 1.2 4.00 66.00 70.00 OK
r-oldrel-macos-arm64 1.2 25.00 OK
r-oldrel-windows-x86_64 1.2 4.00 66.00 70.00 OK

Check Details

Version: 1.2
Check: Rd files
Result: NOTE checkRd: (-1) inspect.Rd:35: Lost braces in \itemize; \value handles \item{}{} directly checkRd: (-1) inspect.Rd:36: Lost braces in \itemize; \value handles \item{}{} directly checkRd: (-1) single.change.Rd:25: Lost braces; missing escapes or markup? 25 | \item{noise}{Noise structure of the multivarite time series. For noise = 0, 0.5, 1, columns of W have independent multivariate normal distribution with covariance matrix Sigma. When noise = 0, Sigma = sigma^2 * I_p; when noise = 0.5, noise has local dependence structure given by Sigma_{i,j} = sigma*corr^|i-j|; when noise = 1, noise has global dependence structure given by matrix(corr,p,p)+diag(p)*(1-corr))) * sigma. When noise = 2, rows of the W are independent and each having an AR(1) structure given by W_{j,t} = W_{j,t-1} * sqrt(corr) + rnorm(sd = sigma) * sqrt(1-corr). For noise = 3, 4, entries of W have i.i.d. uniform distribution and exponential distribution respectively, each centred and rescaled to have zero mean and variance sigma^2.} | ^ checkRd: (-1) single.change.Rd:25: Lost braces; missing escapes or markup? 25 | \item{noise}{Noise structure of the multivarite time series. For noise = 0, 0.5, 1, columns of W have independent multivariate normal distribution with covariance matrix Sigma. When noise = 0, Sigma = sigma^2 * I_p; when noise = 0.5, noise has local dependence structure given by Sigma_{i,j} = sigma*corr^|i-j|; when noise = 1, noise has global dependence structure given by matrix(corr,p,p)+diag(p)*(1-corr))) * sigma. When noise = 2, rows of the W are independent and each having an AR(1) structure given by W_{j,t} = W_{j,t-1} * sqrt(corr) + rnorm(sd = sigma) * sqrt(1-corr). For noise = 3, 4, entries of W have i.i.d. uniform distribution and exponential distribution respectively, each centred and rescaled to have zero mean and variance sigma^2.} | ^ checkRd: (-1) single.change.Rd:25: Lost braces; missing escapes or markup? 25 | \item{noise}{Noise structure of the multivarite time series. For noise = 0, 0.5, 1, columns of W have independent multivariate normal distribution with covariance matrix Sigma. When noise = 0, Sigma = sigma^2 * I_p; when noise = 0.5, noise has local dependence structure given by Sigma_{i,j} = sigma*corr^|i-j|; when noise = 1, noise has global dependence structure given by matrix(corr,p,p)+diag(p)*(1-corr))) * sigma. When noise = 2, rows of the W are independent and each having an AR(1) structure given by W_{j,t} = W_{j,t-1} * sqrt(corr) + rnorm(sd = sigma) * sqrt(1-corr). For noise = 3, 4, entries of W have i.i.d. uniform distribution and exponential distribution respectively, each centred and rescaled to have zero mean and variance sigma^2.} | ^ Flavors: r-devel-linux-x86_64-debian-clang, r-devel-linux-x86_64-debian-gcc, r-devel-linux-x86_64-fedora-clang, r-devel-linux-x86_64-fedora-gcc, r-prerel-macos-arm64, r-prerel-windows-x86_64, r-patched-linux-x86_64