Last updated on 2023-12-09 18:54:20 CET.
Flavor | Version | Tinstall | Tcheck | Ttotal | Status | Flags |
---|---|---|---|---|---|---|
r-devel-linux-x86_64-debian-clang | 0.1.40 | 6.59 | 59.69 | 66.28 | OK | |
r-devel-linux-x86_64-debian-gcc | 0.1.40 | 6.21 | 47.23 | 53.44 | OK | |
r-devel-linux-x86_64-fedora-clang | 0.1.40 | 84.18 | NOTE | |||
r-devel-linux-x86_64-fedora-gcc | 0.1.40 | 83.02 | NOTE | |||
r-devel-windows-x86_64 | 0.1.40 | 10.00 | 74.00 | 84.00 | OK | |
r-patched-linux-x86_64 | 0.1.40 | 5.54 | 58.79 | 64.33 | OK | |
r-release-linux-x86_64 | 0.1.40 | 5.24 | 59.72 | 64.96 | OK | |
r-release-macos-arm64 | 0.1.40 | 30.00 | OK | |||
r-release-macos-x86_64 | 0.1.40 | 44.00 | OK | |||
r-release-windows-x86_64 | 0.1.40 | 9.00 | 72.00 | 81.00 | OK | |
r-oldrel-macos-arm64 | 0.1.40 | 29.00 | NOTE | |||
r-oldrel-macos-x86_64 | 0.1.40 | 39.00 | NOTE | |||
r-oldrel-windows-x86_64 | 0.1.40 | 11.00 | 78.00 | 89.00 | OK |
Version: 0.1.40
Check: dependencies in R code
Result: NOTE
Namespace in Imports field not imported from: ‘rmarkdown’
All declared Imports should be used.
Flavors: r-devel-linux-x86_64-fedora-clang, r-devel-linux-x86_64-fedora-gcc, r-oldrel-macos-arm64, r-oldrel-macos-x86_64