CRAN Package Check Results for Package JFM

Last updated on 2024-04-24 20:54:10 CEST.

Flavor Version Tinstall Tcheck Ttotal Status Flags
r-devel-linux-x86_64-debian-clang 1.0 39.57 78.45 118.02 NOTE
r-devel-linux-x86_64-debian-gcc 1.0 33.04 58.85 91.89 NOTE
r-devel-linux-x86_64-fedora-clang 1.0 157.27 NOTE
r-devel-linux-x86_64-fedora-gcc 1.0 155.85 NOTE
r-devel-windows-x86_64 1.0 32.00 104.00 136.00 NOTE
r-patched-linux-x86_64 1.0 41.15 75.74 116.89 NOTE
r-release-linux-x86_64 1.0 32.19 76.78 108.97 NOTE
r-release-macos-arm64 1.0 42.00 NOTE
r-release-macos-x86_64 1.0 68.00 NOTE
r-release-windows-x86_64 1.0 35.00 102.00 137.00 NOTE
r-oldrel-macos-arm64 1.0 39.00 NOTE
r-oldrel-macos-x86_64 1.0 63.00 NOTE
r-oldrel-windows-x86_64 1.0 42.00 119.00 161.00 NOTE

Check Details

Version: 1.0
Check: C++ specification
Result: NOTE Specified C++11: please drop specification unless essential Flavors: r-devel-linux-x86_64-debian-clang, r-devel-linux-x86_64-debian-gcc, r-devel-linux-x86_64-fedora-clang, r-devel-linux-x86_64-fedora-gcc, r-devel-windows-x86_64, r-patched-linux-x86_64, r-release-linux-x86_64, r-release-macos-arm64, r-release-macos-x86_64, r-release-windows-x86_64, r-oldrel-macos-x86_64, r-oldrel-windows-x86_64

Version: 1.0
Check: installed package size
Result: NOTE installed size is 5.9Mb sub-directories of 1Mb or more: extdata 5.5Mb Flavors: r-devel-linux-x86_64-fedora-clang, r-devel-windows-x86_64, r-release-macos-arm64, r-release-macos-x86_64, r-release-windows-x86_64, r-oldrel-macos-arm64, r-oldrel-macos-x86_64, r-oldrel-windows-x86_64