Last updated on 2023-11-28 18:49:21 CET.
Flavor | Version | Tinstall | Tcheck | Ttotal | Status | Flags |
---|---|---|---|---|---|---|
r-devel-linux-x86_64-debian-clang | 0.8-85 | 166.94 | 262.09 | 429.03 | NOTE | |
r-devel-linux-x86_64-debian-gcc | 0.8-85 | 125.44 | 187.47 | 312.91 | NOTE | |
r-devel-linux-x86_64-fedora-clang | 0.8-85 | 566.26 | NOTE | |||
r-devel-linux-x86_64-fedora-gcc | 0.8-85 | 566.50 | NOTE | |||
r-devel-windows-x86_64 | 0.8-85 | 116.00 | 191.00 | 307.00 | NOTE | |
r-patched-linux-x86_64 | 0.8-85 | 137.33 | 248.96 | 386.29 | NOTE | |
r-release-linux-x86_64 | 0.8-85 | 115.78 | 244.14 | 359.92 | NOTE | |
r-release-macos-arm64 | 0.8-85 | 122.00 | NOTE | |||
r-release-macos-x86_64 | 0.8-85 | 207.00 | NOTE | |||
r-release-windows-x86_64 | 0.8-85 | 157.00 | 242.00 | 399.00 | NOTE | |
r-oldrel-macos-arm64 | 0.8-85 | 137.00 | NOTE | |||
r-oldrel-macos-x86_64 | 0.8-85 | 159.00 | NOTE | |||
r-oldrel-windows-x86_64 | 0.8-85 | 156.00 | 239.00 | 395.00 | OK |
Version: 0.8-85
Check: C++ specification
Result: NOTE
Specified C++11: please drop specification unless essential
Flavors: r-devel-linux-x86_64-debian-clang, r-devel-linux-x86_64-debian-gcc, r-devel-linux-x86_64-fedora-clang, r-devel-linux-x86_64-fedora-gcc, r-devel-windows-x86_64, r-patched-linux-x86_64, r-release-linux-x86_64, r-release-macos-arm64, r-release-macos-x86_64, r-release-windows-x86_64
Version: 0.8-85
Check: installed package size
Result: NOTE
installed size is 8.9Mb
sub-directories of 1Mb or more:
libs 7.8Mb
Flavors: r-release-macos-arm64, r-release-macos-x86_64, r-oldrel-macos-arm64, r-oldrel-macos-x86_64