Last updated on 2023-12-01 18:51:02 CET.
Flavor | Version | Tinstall | Tcheck | Ttotal | Status | Flags |
---|---|---|---|---|---|---|
r-devel-linux-x86_64-debian-clang | 0.1.19 | 19.92 | 204.13 | 224.05 | OK | |
r-devel-linux-x86_64-debian-gcc | 0.1.19 | 16.05 | 147.65 | 163.70 | OK | |
r-devel-linux-x86_64-fedora-clang | 0.1.19 | 282.86 | OK | |||
r-devel-linux-x86_64-fedora-gcc | 0.1.19 | 264.57 | OK | |||
r-devel-windows-x86_64 | 0.1.19 | 20.00 | 181.00 | 201.00 | OK | |
r-patched-linux-x86_64 | 0.1.19 | 22.73 | 192.96 | 215.69 | OK | |
r-release-linux-x86_64 | 0.1.19 | 13.77 | 190.94 | 204.71 | OK | |
r-release-macos-arm64 | 0.1.19 | 93.00 | OK | |||
r-release-macos-x86_64 | 0.1.19 | 209.00 | NOTE | |||
r-release-windows-x86_64 | 0.1.19 | 26.00 | 211.00 | 237.00 | OK | |
r-oldrel-macos-arm64 | 0.1.19 | 88.00 | OK | |||
r-oldrel-macos-x86_64 | 0.1.19 | 114.00 | OK | |||
r-oldrel-windows-x86_64 | 0.1.19 | 26.00 | 204.00 | 230.00 | OK |
Version: 0.1.19
Check: installed package size
Result: NOTE
installed size is 5.6Mb
sub-directories of 1Mb or more:
data 5.1Mb
Flavor: r-release-macos-x86_64