CRAN Package Check Results for Package KCSKNNShiny

Last updated on 2024-04-22 21:52:48 CEST.

Flavor Version Tinstall Tcheck Ttotal Status Flags
r-devel-linux-x86_64-debian-clang 0.1.0 18.91 128.76 147.67 NOTE
r-devel-linux-x86_64-debian-gcc 0.1.0 12.51 95.76 108.27 NOTE
r-devel-linux-x86_64-fedora-clang 0.1.0 182.33 NOTE
r-devel-linux-x86_64-fedora-gcc 0.1.0 172.89 NOTE
r-prerel-macos-arm64 0.1.0 50.00 NOTE
r-prerel-windows-x86_64 0.1.0 15.00 102.00 117.00 NOTE
r-patched-linux-x86_64 0.1.0 11.29 123.33 134.62 NOTE
r-release-linux-x86_64 0.1.0 10.59 122.90 133.49 NOTE
r-release-macos-arm64 0.1.0 59.00 NOTE
r-release-macos-x86_64 0.1.0 88.00 NOTE
r-release-windows-x86_64 0.1.0 19.00 125.00 144.00 NOTE
r-oldrel-macos-arm64 0.1.0 49.00 NOTE
r-oldrel-windows-x86_64 0.1.0 19.00 130.00 149.00 NOTE

Check Details

Version: 0.1.0
Check: LazyData
Result: NOTE 'LazyData' is specified without a 'data' directory Flavors: r-devel-linux-x86_64-debian-clang, r-devel-linux-x86_64-debian-gcc, r-devel-linux-x86_64-fedora-clang, r-devel-linux-x86_64-fedora-gcc, r-prerel-macos-arm64, r-prerel-windows-x86_64, r-patched-linux-x86_64, r-release-linux-x86_64, r-release-macos-arm64, r-release-macos-x86_64, r-release-windows-x86_64, r-oldrel-macos-arm64, r-oldrel-windows-x86_64