CRAN Package Check Results for Package KernSmooth

Last updated on 2024-02-22 18:50:29 CET.

Flavor Version Tinstall Tcheck Ttotal Status Flags
r-devel-linux-x86_64-debian-clang 2.23-22 OK
r-devel-linux-x86_64-debian-gcc 2.23-22 3.97 22.49 26.46 OK
r-devel-linux-x86_64-fedora-clang 2.23-22 44.24 OK
r-devel-linux-x86_64-fedora-gcc 2.23-22 41.91 OK
r-devel-windows-x86_64 2.23-22 11.00 47.00 58.00 OK
r-patched-linux-x86_64 2.23-22 5.63 29.04 34.67 OK
r-release-linux-x86_64 2.23-22 4.26 27.81 32.07 OK
r-release-macos-arm64 2.23-22 32.00 WARN
r-release-macos-x86_64 2.23-22 46.00 WARN
r-release-windows-x86_64 2.23-22 12.00 50.00 62.00 OK
r-oldrel-macos-arm64 2.23-22 35.00 WARN
r-oldrel-windows-x86_64 2.23-22 14.00 51.00 65.00 WARN

Check Details

Version: 2.23-22
Check: for portable use of $(BLAS_LIBS) and $(LAPACK_LIBS)
Result: WARN apparently using $(BLAS_LIBS) without following $(FLIBS) in ‘src/Makevars’ Flavors: r-release-macos-arm64, r-release-macos-x86_64, r-oldrel-macos-arm64, r-oldrel-windows-x86_64