Last updated on 2023-12-04 18:52:19 CET.
Flavor | Version | Tinstall | Tcheck | Ttotal | Status | Flags |
---|---|---|---|---|---|---|
r-devel-linux-x86_64-debian-clang | 0.2.1 | 5.83 | 60.53 | 66.36 | OK | |
r-devel-linux-x86_64-debian-gcc | 0.2.1 | 4.02 | 45.93 | 49.95 | OK | |
r-devel-linux-x86_64-fedora-clang | 0.2.1 | 82.12 | NOTE | |||
r-devel-linux-x86_64-fedora-gcc | 0.2.1 | 89.05 | NOTE | |||
r-devel-windows-x86_64 | 0.2.1 | 7.00 | 68.00 | 75.00 | OK | |
r-patched-linux-x86_64 | 0.2.1 | 4.50 | 57.20 | 61.70 | OK | |
r-release-linux-x86_64 | 0.2.1 | 5.21 | 56.24 | 61.45 | OK | |
r-release-macos-arm64 | 0.2.1 | 40.00 | OK | |||
r-release-macos-x86_64 | 0.2.1 | 59.00 | OK | |||
r-release-windows-x86_64 | 0.2.1 | 8.00 | 78.00 | 86.00 | OK | |
r-oldrel-macos-arm64 | 0.2.1 | 27.00 | NOTE | |||
r-oldrel-macos-x86_64 | 0.2.1 | 51.00 | NOTE | |||
r-oldrel-windows-x86_64 | 0.2.1 | 8.00 | 80.00 | 88.00 | OK |
Version: 0.2.1
Check: dependencies in R code
Result: NOTE
Namespaces in Imports field not imported from:
‘dplyr’ ‘tibble’
All declared Imports should be used.
Flavors: r-devel-linux-x86_64-fedora-clang, r-devel-linux-x86_64-fedora-gcc, r-oldrel-macos-arm64, r-oldrel-macos-x86_64