Last updated on 2023-11-28 18:49:22 CET.
Flavor | Version | Tinstall | Tcheck | Ttotal | Status | Flags |
---|---|---|---|---|---|---|
r-devel-linux-x86_64-debian-clang | 0.1.2 | 8.15 | 64.21 | 72.36 | OK | |
r-devel-linux-x86_64-debian-gcc | 0.1.2 | 6.09 | 48.15 | 54.24 | OK | |
r-devel-linux-x86_64-fedora-clang | 0.1.2 | 87.71 | NOTE | |||
r-devel-linux-x86_64-fedora-gcc | 0.1.2 | 99.10 | NOTE | |||
r-devel-windows-x86_64 | 0.1.2 | 9.00 | 71.00 | 80.00 | OK | |
r-patched-linux-x86_64 | 0.1.2 | 15.56 | 60.77 | 76.33 | OK | |
r-release-linux-x86_64 | 0.1.2 | 5.90 | 60.78 | 66.68 | OK | |
r-release-macos-arm64 | 0.1.2 | 45.00 | OK | |||
r-release-macos-x86_64 | 0.1.2 | 55.00 | OK | |||
r-release-windows-x86_64 | 0.1.2 | 11.00 | 80.00 | 91.00 | OK | |
r-oldrel-macos-arm64 | 0.1.2 | 31.00 | NOTE | |||
r-oldrel-macos-x86_64 | 0.1.2 | 45.00 | NOTE | |||
r-oldrel-windows-x86_64 | 0.1.2 | 11.00 | 79.00 | 90.00 | OK |
Version: 0.1.2
Check: package dependencies
Result: NOTE
Imports includes 28 non-default packages.
Importing from so many packages makes the package vulnerable to any of
them becoming unavailable. Move as many as possible to Suggests and
use conditionally.
Flavor: r-devel-linux-x86_64-fedora-clang
Version: 0.1.2
Check: dependencies in R code
Result: NOTE
Namespaces in Imports field not imported from:
‘DT’ ‘SnowballC’ ‘chinese.misc’ ‘dplyr’ ‘factoextra’ ‘glasso’
‘highcharter’ ‘htmlwidgets’ ‘ldatuning’ ‘qgraph’ ‘quanteda’ ‘rvest’
‘shinyBS’ ‘shinyWidgets’ ‘shinyalert’ ‘shinybusy’ ‘shinycssloaders’
‘shinydashboard’ ‘shinyjs’ ‘stringr’ ‘textmineR’ ‘textplot’ ‘tidyr’
‘topicmodels’
All declared Imports should be used.
Flavors: r-devel-linux-x86_64-fedora-clang, r-devel-linux-x86_64-fedora-gcc, r-oldrel-macos-arm64, r-oldrel-macos-x86_64