Last updated on 2023-12-09 18:54:21 CET.
Flavor | Version | Tinstall | Tcheck | Ttotal | Status | Flags |
---|---|---|---|---|---|---|
r-devel-linux-x86_64-debian-clang | 0.3.0 | 8.11 | 164.93 | 173.04 | NOTE | |
r-devel-linux-x86_64-debian-gcc | 0.3.0 | 9.25 | 120.65 | 129.90 | NOTE | |
r-devel-linux-x86_64-fedora-clang | 0.3.0 | 212.23 | OK | |||
r-devel-linux-x86_64-fedora-gcc | 0.3.0 | 235.53 | OK | |||
r-devel-windows-x86_64 | 0.3.0 | 12.00 | 164.00 | 176.00 | OK | |
r-patched-linux-x86_64 | 0.3.0 | 8.93 | 160.30 | 169.23 | OK | |
r-release-linux-x86_64 | 0.3.0 | 7.89 | 156.18 | 164.07 | OK | |
r-release-macos-arm64 | 0.3.0 | 65.00 | OK | |||
r-release-macos-x86_64 | 0.3.0 | 157.00 | OK | |||
r-release-windows-x86_64 | 0.3.0 | 15.00 | 193.00 | 208.00 | OK | |
r-oldrel-macos-arm64 | 0.3.0 | 68.00 | OK | |||
r-oldrel-macos-x86_64 | 0.3.0 | 86.00 | OK | |||
r-oldrel-windows-x86_64 | 0.3.0 | 16.00 | 180.00 | 196.00 | OK |
Version: 0.3.0
Check: Rd files
Result: NOTE
checkRd: (-1) TS_diagnostics_plot.Rd:19: Lost braces
19 | \item{interactive}{\code{logical} input, should be code{TRUE} unless
| ^
checkRd: (-1) plot.TS_fit.Rd:29: Lost braces
29 | \item{interactive}{\code{logical} input, should be code{TRUE} unless
| ^
Flavors: r-devel-linux-x86_64-debian-clang, r-devel-linux-x86_64-debian-gcc