CRAN Package Check Results for Package LDATree

Last updated on 2024-07-21 20:51:03 CEST.

Flavor Version Tinstall Tcheck Ttotal Status Flags
r-devel-linux-x86_64-debian-clang 0.1.2 4.45 56.59 61.04 OK
r-devel-linux-x86_64-debian-gcc 0.1.2 3.16 40.94 44.10 NOTE
r-devel-linux-x86_64-fedora-clang 0.1.2 73.91 OK
r-devel-linux-x86_64-fedora-gcc 0.1.2 81.88 OK
r-devel-windows-x86_64 0.1.2 6.00 62.00 68.00 NOTE
r-patched-linux-x86_64 0.1.2 10.37 53.84 64.21 OK
r-release-linux-x86_64 0.1.2 4.74 51.59 56.33 OK
r-release-macos-arm64 0.1.2 30.00 OK
r-release-macos-x86_64 0.1.2 46.00 OK
r-release-windows-x86_64 0.1.2 6.00 62.00 68.00 OK
r-oldrel-macos-arm64 0.1.2 30.00 OK
r-oldrel-macos-x86_64 0.1.2 61.00 OK
r-oldrel-windows-x86_64 0.1.2 6.00 66.00 72.00 OK

Check Details

Version: 0.1.2
Check: Rd cross-references
Result: NOTE Found the following Rd file(s) with Rd \link{} targets missing package anchors: plot.Treee.Rd: visNetwork Please provide package anchors for all Rd \link{} targets not in the package itself and the base packages. Flavors: r-devel-linux-x86_64-debian-gcc, r-devel-windows-x86_64