Last updated on 2023-12-09 18:54:21 CET.
Flavor | Version | Tinstall | Tcheck | Ttotal | Status | Flags |
---|---|---|---|---|---|---|
r-devel-linux-x86_64-debian-clang | 2.0 | 11.03 | 276.53 | 287.56 | NOTE | |
r-devel-linux-x86_64-debian-gcc | 2.0 | 10.08 | 210.14 | 220.22 | NOTE | |
r-devel-linux-x86_64-fedora-clang | 2.0 | 377.23 | OK | |||
r-devel-linux-x86_64-fedora-gcc | 2.0 | 323.29 | OK | |||
r-devel-windows-x86_64 | 2.0 | 13.00 | 292.00 | 305.00 | OK | |
r-patched-linux-x86_64 | 2.0 | 11.19 | 274.64 | 285.83 | OK | |
r-release-linux-x86_64 | 2.0 | 8.81 | 272.77 | 281.58 | OK | |
r-release-macos-arm64 | 2.0 | 120.00 | OK | |||
r-release-macos-x86_64 | 2.0 | 180.00 | OK | |||
r-release-windows-x86_64 | 2.0 | 16.00 | 309.00 | 325.00 | OK | |
r-oldrel-macos-arm64 | 2.0 | 117.00 | OK | |||
r-oldrel-macos-x86_64 | 2.0 | 138.00 | OK | |||
r-oldrel-windows-x86_64 | 2.0 | 16.00 | 316.00 | 332.00 | OK |
Version: 2.0
Check: Rd files
Result: NOTE
checkRd: (-1) model.Rd:14: Lost braces
14 | An already trained ML model (including trainData & testData) with the "lm" method using the default data from the package, to be used in the predict example{, and potentially by the user for further predictions}.
| ^
Flavors: r-devel-linux-x86_64-debian-clang, r-devel-linux-x86_64-debian-gcc