CRAN Package Check Results for Package LSX

Last updated on 2024-06-12 20:59:02 CEST.

Flavor Version Tinstall Tcheck Ttotal Status Flags
r-devel-linux-x86_64-debian-clang 1.4.0 9.60 238.14 247.74 OK
r-devel-linux-x86_64-debian-gcc 1.4.0 0.42 1.58 2.00 ERROR
r-devel-linux-x86_64-fedora-clang 1.4.0 315.27 NOTE
r-devel-linux-x86_64-fedora-gcc 1.4.0 313.51 NOTE
r-devel-windows-x86_64 1.4.0 12.00 163.00 175.00 OK
r-patched-linux-x86_64 1.4.0 18.03 246.27 264.30 OK
r-release-linux-x86_64 1.4.0 8.23 246.88 255.11 OK
r-release-macos-arm64 1.4.0 89.00 OK
r-release-macos-x86_64 1.4.0 142.00 OK
r-release-windows-x86_64 1.4.0 13.00 165.00 178.00 OK
r-oldrel-macos-arm64 1.4.0 104.00 OK
r-oldrel-macos-x86_64 1.4.0 220.00 OK
r-oldrel-windows-x86_64 1.4.0 17.00 218.00 235.00 OK

Check Details

Version: 1.4.0
Check: package dependencies
Result: ERROR Packages required but not available: 'ggplot2', 'ggrepel', 'reshape2' Package suggested but not available for checking: ‘testthat’ See section ‘The DESCRIPTION file’ in the ‘Writing R Extensions’ manual. Flavor: r-devel-linux-x86_64-debian-gcc

Version: 1.4.0
Check: data for non-ASCII characters
Result: NOTE Note: found 2096 marked UTF-8 strings Flavors: r-devel-linux-x86_64-fedora-clang, r-devel-linux-x86_64-fedora-gcc