CRAN Package Check Results for Package LatticeKrig

Last updated on 2024-02-24 18:54:53 CET.

Flavor Version Tinstall Tcheck Ttotal Status Flags
r-devel-linux-x86_64-debian-clang 8.4 13.54 380.15 393.69 NOTE
r-devel-linux-x86_64-debian-gcc 8.4 9.71 307.51 317.22 NOTE
r-devel-linux-x86_64-fedora-clang 8.4 471.67 NOTE
r-devel-linux-x86_64-fedora-gcc 8.4 456.96 NOTE
r-devel-windows-x86_64 8.4 14.00 74.00 88.00 NOTE --no-examples --no-tests --no-vignettes
r-patched-linux-x86_64 8.4 16.88 357.68 374.56 NOTE
r-release-linux-x86_64 8.4 12.80 369.50 382.30 NOTE
r-release-macos-arm64 8.4 223.00 NOTE
r-release-macos-x86_64 8.4 330.00 NOTE
r-release-windows-x86_64 8.4 18.00 66.00 84.00 NOTE --no-examples --no-tests --no-vignettes
r-oldrel-macos-arm64 8.4 213.00 OK
r-oldrel-windows-x86_64 8.4 18.00 71.00 89.00 OK --no-examples --no-tests --no-vignettes

Check Details

Version: 8.4
Check: Rd files
Result: NOTE checkRd: (-1) LKrig.MLE.Rd:114: Escaped LaTeX specials: \$ \$ checkRd: (-1) LKrig.MLE.Rd:115: Escaped LaTeX specials: \$ checkRd: (-1) VignetteExamples.Rd:25: Lost braces; missing escapes or markup? 25 | See Section 4 in the {LatticeKrig Vignette} for the use of these data. | ^ Flavors: r-devel-linux-x86_64-debian-clang, r-devel-linux-x86_64-debian-gcc, r-devel-linux-x86_64-fedora-clang, r-devel-linux-x86_64-fedora-gcc

Version: 8.4
Flags: --no-examples --no-tests --no-vignettes
Check: Rd files
Result: NOTE checkRd: (-1) LKrig.MLE.Rd:114: Escaped LaTeX specials: \$ \$ checkRd: (-1) LKrig.MLE.Rd:115: Escaped LaTeX specials: \$ checkRd: (-1) VignetteExamples.Rd:25: Lost braces; missing escapes or markup? 25 | See Section 4 in the {LatticeKrig Vignette} for the use of these data. | ^ Flavor: r-devel-windows-x86_64

Version: 8.4
Check: Rd files
Result: NOTE checkRd: (-1) LKrig.MLE.Rd:114: Escaped LaTeX specials: \$ \$ checkRd: (-1) LKrig.MLE.Rd:115: Escaped LaTeX specials: \$ Flavors: r-patched-linux-x86_64, r-release-linux-x86_64, r-release-macos-arm64, r-release-macos-x86_64

Version: 8.4
Flags: --no-examples --no-tests --no-vignettes
Check: Rd files
Result: NOTE checkRd: (-1) LKrig.MLE.Rd:114: Escaped LaTeX specials: \$ \$ checkRd: (-1) LKrig.MLE.Rd:115: Escaped LaTeX specials: \$ Flavor: r-release-windows-x86_64