CRAN Package Check Results for Package Lock5withR

Last updated on 2024-02-24 18:54:54 CET.

Flavor Version Tinstall Tcheck Ttotal Status Flags
r-devel-linux-x86_64-debian-clang 1.2.2 4.17 36.10 40.27 NOTE
r-devel-linux-x86_64-debian-gcc 1.2.2 3.35 28.12 31.47 NOTE
r-devel-linux-x86_64-fedora-clang 1.2.2 51.73 NOTE
r-devel-linux-x86_64-fedora-gcc 1.2.2 52.27 NOTE
r-devel-windows-x86_64 1.2.2 6.00 65.00 71.00 NOTE
r-patched-linux-x86_64 1.2.2 5.25 35.27 40.52 NOTE
r-release-linux-x86_64 1.2.2 4.08 34.62 38.70 NOTE
r-release-macos-arm64 1.2.2 23.00 NOTE
r-release-macos-x86_64 1.2.2 32.00 NOTE
r-release-windows-x86_64 1.2.2 6.00 68.00 74.00 NOTE
r-oldrel-macos-arm64 1.2.2 21.00 OK
r-oldrel-windows-x86_64 1.2.2 10.00 56.00 66.00 OK

Check Details

Version: 1.2.2
Check: Rd files
Result: NOTE checkRd: (-1) ACS.Rd:9: Lost braces in \itemize; meant \describe ? checkRd: (-1) ACS.Rd:10: Lost braces in \itemize; meant \describe ? checkRd: (-1) ACS.Rd:11: Lost braces in \itemize; meant \describe ? checkRd: (-1) ACS.Rd:13: Lost braces in \itemize; meant \describe ? checkRd: (-1) ACS.Rd:13: Escaped LaTeX specials: \$ checkRd: (-1) ACS.Rd:15: Lost braces in \itemize; meant \describe ? checkRd: (-1) ACS.Rd:16-17: Lost braces in \itemize; meant \describe ? checkRd: (-1) ACS.Rd:18-19: Lost braces in \itemize; meant \describe ? checkRd: (-1) ACS.Rd:20-21: Lost braces in \itemize; meant \describe ? checkRd: (-1) ACS.Rd:22: Lost braces in \itemize; meant \describe ? checkRd: (-1) AllCountries.Rd:9: Lost braces in \itemize; meant \describe ? checkRd: (-1) AllCountries.Rd:10: Lost braces in \itemize; meant \describe ? checkRd: (-1) AllCountries.Rd:11: Lost braces in \itemize; meant \describe ? checkRd: (-1) AllCountries.Rd:12: Lost braces in \itemize; meant \describe ? checkRd: (-1) AllCountries.Rd:13: Lost braces in \itemize; meant \describe ? checkRd: (-1) AllCountries.Rd:14: Lost braces in \itemize; meant \describe ? checkRd: (-1) AllCountries.Rd:15-16: Lost braces in \itemize; meant \describe ? checkRd: (-1) AllCountries.Rd:17-18: Lost braces in \itemize; meant \describe ? checkRd: (-1) AllCountries.Rd:19-20: Lost braces in \itemize; meant \describe ? checkRd: (-1) AllCountries.Rd:21-22: Lost braces in \itemize; meant \describe ? checkRd: (-1) AllCountries.Rd:23-24: Lost braces in \itemize; meant \describe ? checkRd: (-1) AllCountries.Rd:25-26: Lost braces in \itemize; meant \describe ? checkRd: (-1) AllCountries.Rd:27: Lost braces in \itemize; meant \describe ? checkRd: (-1) AllCountries.Rd:28: Lost braces in \itemize; meant \describe ? checkRd: (-1) AllCountries.Rd:29: Lost braces in \itemize; meant \describe ? checkRd: (-1) AllCountries.Rd:30-31: Lost braces in \itemize; meant \describe ? checkRd: (-1) AllCountries.Rd:32: Lost braces in \itemize; meant \describe ? checkRd: (-1) AllCountries.Rd:33: Lost braces in \itemize; meant \describe ? checkRd: (-1) AllCountries.Rd:34: Lost braces in \itemize; meant \describe ? checkRd: (-1) April14Temps.Rd:9: Lost braces in \itemize; meant \describe ? checkRd: (-1) April14Temps.Rd:11: Lost braces in \itemize; meant \describe ? checkRd: (-1) April14Temps.Rd:13: Lost braces in \itemize; meant \describe ? checkRd: (-1) AtmosphericCO2.Rd:9: Lost braces in \itemize; meant \describe ? checkRd: (-1) AtmosphericCO2.Rd:10: Lost braces in \itemize; meant \describe ? checkRd: (-1) BaseballHits.Rd:9: Lost braces in \itemize; meant \describe ? checkRd: (-1) BaseballHits.Rd:10: Lost braces in \itemize; meant \describe ? checkRd: (-1) BaseballHits.Rd:11: Lost braces in \itemize; meant \describe ? checkRd: (-1) BaseballHits.Rd:12: Lost braces in \itemize; meant \describe ? checkRd: (-1) BaseballHits.Rd:13: Lost braces in \itemize; meant \describe ? checkRd: (-1) BaseballHits.Rd:14: Lost braces in \itemize; meant \describe ? checkRd: (-1) BaseballHits.Rd:15: Lost braces in \itemize; meant \describe ? checkRd: (-1) BaseballHits.Rd:16: Lost braces in \itemize; meant \describe ? checkRd: (-1) BaseballHits.Rd:17: Lost braces in \itemize; meant \describe ? checkRd: (-1) BaseballHits.Rd:18: Lost braces in \itemize; meant \describe ? checkRd: (-1) BaseballHits.Rd:19: Lost braces in \itemize; meant \describe ? checkRd: (-1) BaseballHits.Rd:20: Lost braces in \itemize; meant \describe ? checkRd: (-1) BaseballHits.Rd:21: Lost braces in \itemize; meant \describe ? checkRd: (-1) BaseballHits.Rd:22: Lost braces in \itemize; meant \describe ? checkRd: (-1) BaseballTimes.Rd:9: Lost braces in \itemize; meant \describe ? checkRd: (-1) BaseballTimes.Rd:10: Lost braces in \itemize; meant \describe ? checkRd: (-1) BaseballTimes.Rd:11: Lost braces in \itemize; meant \describe ? checkRd: (-1) BaseballTimes.Rd:12: Lost braces in \itemize; meant \describe ? checkRd: (-1) BaseballTimes.Rd:13: Lost braces in \itemize; meant \describe ? checkRd: (-1) BaseballTimes.Rd:14: Lost braces in \itemize; meant \describe ? checkRd: (-1) BaseballTimes.Rd:15: Lost braces in \itemize; meant \describe ? checkRd: (-1) BaseballTimes.Rd:16: Lost braces in \itemize; meant \describe ? checkRd: (-1) BaseballTimes.Rd:17: Lost braces in \itemize; meant \describe ? checkRd: (-1) Benford.Rd:9: Lost braces in \itemize; meant \describe ? checkRd: (-1) Benford.Rd:10: Lost braces in \itemize; meant \describe ? checkRd: (-1) Benford.Rd:11: Lost braces in \itemize; meant \describe ? checkRd: (-1) Benford.Rd:12: Lost braces in \itemize; meant \describe ? checkRd: (-1) BikeCommute.Rd:9: Lost braces in \itemize; meant \describe ? checkRd: (-1) BikeCommute.Rd:10: Lost braces in \itemize; meant \describe ? checkRd: (-1) BikeCommute.Rd:11: Lost braces in \itemize; meant \describe ? checkRd: (-1) BikeCommute.Rd:12: Lost braces in \itemize; meant \describe ? checkRd: (-1) BikeCommute.Rd:13: Lost braces in \itemize; meant \describe ? checkRd: (-1) BikeCommute.Rd:14: Lost braces in \itemize; meant \describe ? checkRd: (-1) BikeCommute.Rd:15: Lost braces in \itemize; meant \describe ? checkRd: (-1) BikeCommute.Rd:16: Lost braces in \itemize; meant \describe ? checkRd: (-1) BikeCommute.Rd:17: Lost braces in \itemize; meant \describe ? checkRd: (-1) BikeCommute.Rd:18: Lost braces in \itemize; meant \describe ? checkRd: (-1) BikeCommute.Rd:19: Lost braces; missing escapes or markup? 19 | \code{MonthNum} {Numeric value of month} | ^ checkRd: (-1) BikeCommute.Rd:20-22: Lost braces in \itemize; meant \describe ? checkRd: (-1) BodyFat.Rd:9: Lost braces in \itemize; meant \describe ? checkRd: (-1) BodyFat.Rd:10: Lost braces in \itemize; meant \describe ? checkRd: (-1) BodyFat.Rd:11: Lost braces in \itemize; meant \describe ? checkRd: (-1) BodyFat.Rd:12: Lost braces in \itemize; meant \describe ? checkRd: (-1) BodyFat.Rd:13: Lost braces in \itemize; meant \describe ? checkRd: (-1) BodyFat.Rd:14: Lost braces in \itemize; meant \describe ? checkRd: (-1) BodyFat.Rd:15: Lost braces in \itemize; meant \describe ? checkRd: (-1) BodyFat.Rd:16: Lost braces in \itemize; meant \describe ? checkRd: (-1) BodyFat.Rd:17: Lost braces in \itemize; meant \describe ? checkRd: (-1) BodyFat.Rd:18: Lost braces in \itemize; meant \describe ? checkRd: (-1) BodyTemp50.Rd:9: Lost braces in \itemize; meant \describe ? checkRd: (-1) BodyTemp50.Rd:10: Lost braces in \itemize; meant \describe ? checkRd: (-1) BodyTemp50.Rd:11: Lost braces in \itemize; meant \describe ? checkRd: (-1) BootAtlantaCorr.Rd:9-10: Lost braces in \itemize; meant \describe ? checkRd: (-1) CAOSExam.Rd:9: Lost braces in \itemize; meant \describe ? checkRd: (-1) CAOSExam.Rd:10: Lost braces in \itemize; meant \describe ? checkRd: (-1) CAOSExam.Rd:11: Lost braces in \itemize; meant \describe ? checkRd: (-1) CaffeineTaps.Rd:9: Lost braces in \itemize; meant \describe ? checkRd: (-1) CaffeineTaps.Rd:10-11: Lost braces in \itemize; meant \describe ? checkRd: (-1) CaffeineTaps.Rd:12: Lost braces in \itemize; meant \describe ? checkRd: (-1) Cereal.Rd:9: Lost braces in \itemize; meant \describe ? checkRd: (-1) Cereal.Rd:10-11: Lost braces in \itemize; meant \describe ? checkRd: (-1) Cereal.Rd:12: Lost braces in \itemize; meant \describe ? checkRd: (-1) Cereal.Rd:13: Lost braces in \itemize; meant \describe ? checkRd: (-1) Cereal.Rd:14: Lost braces in \itemize; meant \describe ? checkRd: (-1) Cereal.Rd:15: Lost braces in \itemize; meant \describe ? checkRd: (-1) Cereal.Rd:16: Lost braces in \itemize; meant \describe ? checkRd: (-1) Cereal.Rd:17: Lost braces in \itemize; meant \describe ? checkRd: (-1) Cereal.Rd:18: Lost braces in \itemize; meant \describe ? checkRd: (-1) Cereal.Rd:19: Lost braces in \itemize; meant \describe ? checkRd: (-1) CocaineTreatment.Rd:9-10: Lost braces in \itemize; meant \describe ? checkRd: (-1) CocaineTreatment.Rd:11: Lost braces in \itemize; meant \describe ? checkRd: (-1) ColaCalcium.Rd:9-10: Lost braces in \itemize; meant \describe ? checkRd: (-1) ColaCalcium.Rd:11: Lost braces in \itemize; meant \describe ? checkRd: (-1) CommuteStLouis.Rd:10: Lost braces in \itemize; meant \describe ? checkRd: (-1) CommuteStLouis.Rd:11: Lost braces in \itemize; meant \describe ? checkRd: (-1) CommuteStLouis.Rd:12: Lost braces in \itemize; meant \describe ? checkRd: (-1) CommuteStLouis.Rd:13: Lost braces in \itemize; meant \describe ? checkRd: (-1) CompassionateRats.Rd:9-10: Lost braces in \itemize; meant \describe ? checkRd: (-1) CompassionateRats.Rd:11: Lost braces in \itemize; meant \describe ? checkRd: (-1) CricketChirps.Rd:9: Lost braces in \itemize; meant \describe ? checkRd: (-1) CricketChirps.Rd:10: Lost braces in \itemize; meant \describe ? checkRd: (-1) Digits.Rd:9-10: Lost braces in \itemize; meant \describe ? checkRd: (-1) Digits.Rd:11: Lost braces in \itemize; meant \describe ? checkRd: (-1) Digits.Rd:13: Lost braces in \itemize; meant \describe ? checkRd: (-1) Digits.Rd:14: Lost braces in \itemize; meant \describe ? checkRd: (-1) Digits.Rd:16: Lost braces in \itemize; meant \describe ? checkRd: (-1) Digits.Rd:17-18: Lost braces in \itemize; meant \describe ? checkRd: (-1) Digits.Rd:19: Lost braces in \itemize; meant \describe ? checkRd: (-1) DogOwner.Rd:9-10: Lost braces in \itemize; meant \describe ? checkRd: (-1) ElectionMargin.Rd:9: Lost braces in \itemize; meant \describe ? checkRd: (-1) ElectionMargin.Rd:11: Lost braces in \itemize; meant \describe ? checkRd: (-1) ElectionMargin.Rd:13: Lost braces in \itemize; meant \describe ? checkRd: (-1) ElectionMargin.Rd:15: Lost braces in \itemize; meant \describe ? checkRd: (-1) ElectionMargin.Rd:17-18: Lost braces in \itemize; meant \describe ? checkRd: (-1) EmployedACS.Rd:9: Lost braces in \itemize; meant \describe ? checkRd: (-1) EmployedACS.Rd:10: Lost braces in \itemize; meant \describe ? checkRd: (-1) EmployedACS.Rd:11: Lost braces in \itemize; meant \describe ? checkRd: (-1) EmployedACS.Rd:12: Lost braces in \itemize; meant \describe ? checkRd: (-1) EmployedACS.Rd:13: Lost braces in \itemize; meant \describe ? checkRd: (-1) EmployedACS.Rd:14: Lost braces in \itemize; meant \describe ? checkRd: (-1) EmployedACS.Rd:14: Escaped LaTeX specials: \$ checkRd: (-1) EmployedACS.Rd:15: Lost braces in \itemize; meant \describe ? checkRd: (-1) EmployedACS.Rd:16: Lost braces in \itemize; meant \describe ? checkRd: (-1) EmployedACS.Rd:17: Lost braces in \itemize; meant \describe ? checkRd: (-1) EmployedACS.Rd:18: Lost braces in \itemize; meant \describe ? checkRd: (-1) EmployedACS.Rd:19: Lost braces in \itemize; meant \describe ? checkRd: (-1) EmployedACS.Rd:20: Lost braces in \itemize; meant \describe ? checkRd: (-1) EmployedACS.Rd:21: Lost braces 21 | \item{code{language}} {Native language: \code{English} or \code{Other}} | ^ checkRd: (-1) EmployedACS.Rd:21: Lost braces in \itemize; meant \describe ? checkRd: (-1) EmployedACS.Rd:22: Lost braces 22 | \item{code{Language}} {Native language: \code{0} or \code{1}} | ^ checkRd: (-1) EmployedACS.Rd:22: Lost braces in \itemize; meant \describe ? checkRd: (-1) ExerciseHours.Rd:9: Lost braces in \itemize; meant \describe ? checkRd: (-1) ExerciseHours.Rd:11: Lost braces in \itemize; meant \describe ? checkRd: (-1) ExerciseHours.Rd:12-13: Lost braces in \itemize; meant \describe ? checkRd: (-1) ExerciseHours.Rd:14-15: Lost braces in \itemize; meant \describe ? checkRd: (-1) ExerciseHours.Rd:16: Lost braces in \itemize; meant \describe ? checkRd: (-1) ExerciseHours.Rd:18: Lost braces in \itemize; meant \describe ? checkRd: (-1) ExerciseHours.Rd:20: Lost braces in \itemize; meant \describe ? checkRd: (-1) FacebookFriends.Rd:9-10: Lost braces in \itemize; meant \describe ? checkRd: (-1) FacebookFriends.Rd:11: Lost braces in \itemize; meant \describe ? checkRd: (-1) FatMice18.Rd:9-10: Lost braces in \itemize; meant \describe ? checkRd: (-1) FatMice18.Rd:11: Lost braces in \itemize; meant \describe ? checkRd: (-1) FishGills12.Rd:9: Lost braces in \itemize; meant \describe ? checkRd: (-1) FishGills12.Rd:11: Lost braces in \itemize; meant \describe ? checkRd: (-1) FishGills3.Rd:9-10: Lost braces in \itemize; meant \describe ? checkRd: (-1) FishGills3.Rd:12: Lost braces in \itemize; meant \describe ? checkRd: (-1) Flight179.Rd:9-10: Lost braces in \itemize; meant \describe ? checkRd: (-1) Flight179.Rd:11: Lost braces in \itemize; meant \describe ? checkRd: (-1) Flight179.Rd:12-13: Lost braces in \itemize; meant \describe ? checkRd: (-1) Flight179.Rd:14: Lost braces in \itemize; meant \describe ? checkRd: (-1) FloridaLakes.Rd:9: Lost braces in \itemize; meant \describe ? checkRd: (-1) FloridaLakes.Rd:11: Lost braces in \itemize; meant \describe ? checkRd: (-1) FloridaLakes.Rd:13: Lost braces in \itemize; meant \describe ? checkRd: (-1) FloridaLakes.Rd:15: Lost braces in \itemize; meant \describe ? checkRd: (-1) FloridaLakes.Rd:16-17: Lost braces in \itemize; meant \describe ? checkRd: (-1) FloridaLakes.Rd:18: Lost braces in \itemize; meant \describe ? checkRd: (-1) FloridaLakes.Rd:20-21: Lost braces in \itemize; meant \describe ? checkRd: (-1) FloridaLakes.Rd:22-23: Lost braces in \itemize; meant \describe ? checkRd: (-1) FloridaLakes.Rd:24-25: Lost braces in \itemize; meant \describe ? checkRd: (-1) FloridaLakes.Rd:26: Lost braces in \itemize; meant \describe ? checkRd: (-1) FloridaLakes.Rd:28-29: Lost braces in \itemize; meant \describe ? checkRd: (-1) FloridaLakes.Rd:30: Lost braces in \itemize; meant \describe ? checkRd: (-1) GPAGender.Rd:9: Lost braces in \itemize; meant \describe ? checkRd: (-1) GPAGender.Rd:10: Lost braces in \itemize; meant \describe ? checkRd: (-1) GPAGender.Rd:11: Lost braces in \itemize; meant \describe ? checkRd: (-1) GPAGender.Rd:12: Lost braces in \itemize; meant \describe ? checkRd: (-1) GPAGender.Rd:13: Lost braces in \itemize; meant \describe ? checkRd: (-1) GPAGender.Rd:14: Lost braces in \itemize; meant \describe ? checkRd: (-1) GlobalInternet.Rd:9: Lost braces in \itemize; meant \describe ? checkRd: (-1) GlobalInternet.Rd:10-11: Lost braces in \itemize; meant \describe ? checkRd: (-1) GlobalInternet.Rd:12-13: Lost braces in \itemize; meant \describe ? checkRd: (-1) HappyPlanetIndex.Rd:9: Lost braces in \itemize; meant \describe ? checkRd: (-1) HappyPlanetIndex.Rd:10: Lost braces in \itemize; meant \describe ? checkRd: (-1) HappyPlanetIndex.Rd:11-12: Lost braces in \itemize; meant \describe ? checkRd: (-1) HappyPlanetIndex.Rd:13: Lost braces in \itemize; meant \describe ? checkRd: (-1) HappyPlanetIndex.Rd:14-15: Lost braces in \itemize; meant \describe ? checkRd: (-1) HappyPlanetIndex.Rd:16: Lost braces in \itemize; meant \describe ? checkRd: (-1) HappyPlanetIndex.Rd:17: Lost braces in \itemize; meant \describe ? checkRd: (-1) HappyPlanetIndex.Rd:18: Lost braces in \itemize; meant \describe ? checkRd: (-1) HappyPlanetIndex.Rd:19: Lost braces in \itemize; meant \describe ? checkRd: (-1) HappyPlanetIndex.Rd:20: Lost braces in \itemize; meant \describe ? checkRd: (-1) HappyPlanetIndex.Rd:21: Lost braces in \itemize; meant \describe ? checkRd: (-1) HockeyPenalties.Rd:9: Lost braces in \itemize; meant \describe ? checkRd: (-1) HockeyPenalties.Rd:11: Lost braces in \itemize; meant \describe ? checkRd: (-1) HollywoodMovies2011.Rd:9: Lost braces in \itemize; meant \describe ? checkRd: (-1) HollywoodMovies2011.Rd:11: Lost braces in \itemize; meant \describe ? checkRd: (-1) HollywoodMovies2011.Rd:13: Lost braces in \itemize; meant \describe ? checkRd: (-1) HollywoodMovies2011.Rd:15: Lost braces in \itemize; meant \describe ? checkRd: (-1) HollywoodMovies2011.Rd:16-17: Lost braces in \itemize; meant \describe ? checkRd: (-1) HollywoodMovies2011.Rd:18-20: Lost braces in \itemize; meant \describe ? checkRd: (-1) HollywoodMovies2011.Rd:22: Lost braces in \itemize; meant \describe ? checkRd: (-1) HollywoodMovies2011.Rd:24: Lost braces in \itemize; meant \describe ? checkRd: (-1) HollywoodMovies2011.Rd:26: Lost braces in \itemize; meant \describe ? checkRd: (-1) HollywoodMovies2011.Rd:27-28: Lost braces in \itemize; meant \describe ? checkRd: (-1) HollywoodMovies2011.Rd:29: Lost braces in \itemize; meant \describe ? checkRd: (-1) HollywoodMovies2011.Rd:31: Lost braces in \itemize; meant \describe ? checkRd: (-1) HollywoodMovies2011.Rd:32-33: Lost braces in \itemize; meant \describe ? checkRd: (-1) HollywoodMovies2011.Rd:34: Lost braces in \itemize; meant \describe ? checkRd: (-1) HomesForSale.Rd:9-10: Lost braces in \itemize; meant \describe ? checkRd: (-1) HomesForSale.Rd:11: Lost braces in \itemize; meant \describe ? checkRd: (-1) HomesForSale.Rd:11: Escaped LaTeX specials: \$ checkRd: (-1) HomesForSale.Rd:13: Lost braces in \itemize; meant \describe ? checkRd: (-1) HomesForSale.Rd:15: Lost braces in \itemize; meant \describe ? checkRd: (-1) HomesForSale.Rd:16-17: Lost braces in \itemize; meant \describe ? checkRd: (-1) HomesForSaleCA.Rd:9: Lost braces in \itemize; meant \describe ? checkRd: (-1) HomesForSaleCA.Rd:11: Lost braces in \itemize; meant \describe ? checkRd: (-1) HomesForSaleCA.Rd:11: Escaped LaTeX specials: \$ checkRd: (-1) HomesForSaleCA.Rd:12-13: Lost braces in \itemize; meant \describe ? checkRd: (-1) HomesForSaleCA.Rd:14: Lost braces in \itemize; meant \describe ? checkRd: (-1) HomesForSaleCA.Rd:16: Lost braces in \itemize; meant \describe ? checkRd: (-1) HomesForSaleCanton.Rd:9: Lost braces in \itemize; meant \describe ? checkRd: (-1) HomesForSaleCanton.Rd:9: Escaped LaTeX specials: \$ checkRd: (-1) HomesForSaleNY.Rd:9: Lost braces in \itemize; meant \describe ? checkRd: (-1) HomesForSaleNY.Rd:11: Lost braces in \itemize; meant \describe ? checkRd: (-1) HomesForSaleNY.Rd:11: Escaped LaTeX specials: \$ checkRd: (-1) HomesForSaleNY.Rd:12-13: Lost braces in \itemize; meant \describe ? checkRd: (-1) HomesForSaleNY.Rd:14: Lost braces in \itemize; meant \describe ? checkRd: (-1) HomesForSaleNY.Rd:16: Lost braces in \itemize; meant \describe ? checkRd: (-1) HoneybeeCircuits.Rd:9-10: Lost braces in \itemize; meant \describe ? checkRd: (-1) HoneybeeCircuits.Rd:11: Lost braces in \itemize; meant \describe ? checkRd: (-1) HoneybeeWaggle.Rd:9: Lost braces in \itemize; meant \describe ? checkRd: (-1) HoneybeeWaggle.Rd:10: Lost braces in \itemize; meant \describe ? checkRd: (-1) HotDogs.Rd:9: Lost braces in \itemize; meant \describe ? checkRd: (-1) HotDogs.Rd:10: Lost braces in \itemize; meant \describe ? checkRd: (-1) ICUAdmissions.Rd:9: Lost braces in \itemize; meant \describe ? checkRd: (-1) ICUAdmissions.Rd:11: Lost braces in \itemize; meant \describe ? checkRd: (-1) ICUAdmissions.Rd:12: Lost braces in \itemize; meant \describe ? checkRd: (-1) ICUAdmissions.Rd:14: Lost braces in \itemize; meant \describe ? checkRd: (-1) ICUAdmissions.Rd:16: Lost braces in \itemize; meant \describe ? checkRd: (-1) ICUAdmissions.Rd:17: Lost braces in \itemize; meant \describe ? checkRd: (-1) ICUAdmissions.Rd:19-20: Lost braces in \itemize; meant \describe ? checkRd: (-1) ICUAdmissions.Rd:21: Lost braces in \itemize; meant \describe ? checkRd: (-1) ICUAdmissions.Rd:22-23: Lost braces in \itemize; meant \describe ? checkRd: (-1) ICUAdmissions.Rd:24: Lost braces in \itemize; meant \describe ? checkRd: (-1) ICUAdmissions.Rd:25: Lost braces in \itemize; meant \describe ? checkRd: (-1) ICUAdmissions.Rd:26: Lost braces in \itemize; meant \describe ? checkRd: (-1) ICUAdmissions.Rd:27: Lost braces in \itemize; meant \describe ? checkRd: (-1) ICUAdmissions.Rd:28: Lost braces in \itemize; meant \describe ? checkRd: (-1) ICUAdmissions.Rd:29: Lost braces in \itemize; meant \describe ? checkRd: (-1) ICUAdmissions.Rd:30: Lost braces in \itemize; meant \describe ? checkRd: (-1) ICUAdmissions.Rd:31: Lost braces in \itemize; meant \describe ? checkRd: (-1) ICUAdmissions.Rd:32: Lost braces in \itemize; meant \describe ? checkRd: (-1) ICUAdmissions.Rd:33: Lost braces in \itemize; meant \describe ? checkRd: (-1) ICUAdmissions.Rd:34: Lost braces in \itemize; meant \describe ? checkRd: (-1) ICUAdmissions.Rd:35: Lost braces in \itemize; meant \describe ? checkRd: (-1) ICUAdmissions.Rd:36: Lost braces in \itemize; meant \describe ? checkRd: (-1) ICUAdmissions.Rd:37: Lost braces in \itemize; meant \describe ? checkRd: (-1) ICUAdmissions.Rd:38: Lost braces in \itemize; meant \describe ? checkRd: (-1) ICUAdmissions.Rd:39: Lost braces in \itemize; meant \describe ? checkRd: (-1) ICUAdmissions.Rd:40: Lost braces in \itemize; meant \describe ? checkRd: (-1) ICUAdmissions.Rd:41-42: Lost braces in \itemize; meant \describe ? checkRd: (-1) ICUAdmissions.Rd:43-44: Lost braces in \itemize; meant \describe ? checkRd: (-1) ICUAdmissions.Rd:45: Lost braces in \itemize; meant \describe ? checkRd: (-1) ICUAdmissions.Rd:46: Lost braces in \itemize; meant \describe ? checkRd: (-1) ICUAdmissions.Rd:47: Lost braces in \itemize; meant \describe ? checkRd: (-1) ICUAdmissions.Rd:48-49: Lost braces in \itemize; meant \describe ? checkRd: (-1) ICUAdmissions.Rd:50-51: Lost braces in \itemize; meant \describe ? checkRd: (-1) ICUAdmissions.Rd:52-53: Lost braces in \itemize; meant \describe ? checkRd: (-1) ICUAdmissions.Rd:54-55: Lost braces in \itemize; meant \describe ? checkRd: (-1) ICUAdmissions.Rd:56-57: Lost braces in \itemize; meant \describe ? checkRd: (-1) ICUAdmissions.Rd:58-59: Lost braces in \itemize; meant \describe ? checkRd: (-1) ICUAdmissions.Rd:60-61: Lost braces in \itemize; meant \describe ? checkRd: (-1) ICUAdmissions.Rd:62-63: Lost braces in \itemize; meant \describe ? checkRd: (-1) ICUAdmissions.Rd:64-65: Lost braces in \itemize; meant \describe ? checkRd: (-1) ICUAdmissions.Rd:66: Lost braces in \itemize; meant \describe ? checkRd: (-1) ICUAdmissions.Rd:67: Lost braces in \itemize; meant \describe ? checkRd: (-1) ImmuneTea.Rd:9-10: Lost braces in \itemize; meant \describe ? checkRd: (-1) ImmuneTea.Rd:11: Lost braces in \itemize; meant \describe ? checkRd: (-1) InkjetPrinters.Rd:9: Lost braces in \itemize; meant \describe ? checkRd: (-1) InkjetPrinters.Rd:10-11: Lost braces in \itemize; meant \describe ? checkRd: (-1) InkjetPrinters.Rd:12: Lost braces in \itemize; meant \describe ? checkRd: (-1) InkjetPrinters.Rd:13: Lost braces in \itemize; meant \describe ? checkRd: (-1) InkjetPrinters.Rd:14-15: Lost braces in \itemize; meant \describe ? checkRd: (-1) InkjetPrinters.Rd:16: Lost braces in \itemize; meant \describe ? checkRd: (-1) LifeExpectancyVehicles.Rd:9: Lost braces in \itemize; meant \describe ? checkRd: (-1) LifeExpectancyVehicles.Rd:11: Lost braces in \itemize; meant \describe ? checkRd: (-1) LifeExpectancyVehicles.Rd:12-13: Lost braces in \itemize; meant \describe ? checkRd: (-1) LightatNight.Rd:9-10: Lost braces in \itemize; meant \describe ? checkRd: (-1) LightatNight.Rd:11: Lost braces in \itemize; meant \describe ? checkRd: (-1) LightatNight.Rd:12: Lost braces in \itemize; meant \describe ? checkRd: (-1) LightatNight.Rd:13: Lost braces in \itemize; meant \describe ? checkRd: (-1) LightatNight.Rd:14: Lost braces in \itemize; meant \describe ? checkRd: (-1) LightatNight.Rd:15: Lost braces in \itemize; meant \describe ? checkRd: (-1) LightatNight.Rd:16-17: Lost braces in \itemize; meant \describe ? checkRd: (-1) LightatNight.Rd:18-19: Lost braces in \itemize; meant \describe ? checkRd: (-1) LightatNight.Rd:20: Lost braces in \itemize; meant \describe ? checkRd: (-1) MalevolentUniformsNFL.Rd:9: Lost braces in \itemize; meant \describe ? checkRd: (-1) MalevolentUniformsNFL.Rd:11-12: Lost braces in \itemize; meant \describe ? checkRd: (-1) MalevolentUniformsNFL.Rd:13: Lost braces in \itemize; meant \describe ? checkRd: (-1) MalevolentUniformsNHL.Rd:9: Lost braces in \itemize; meant \describe ? checkRd: (-1) MalevolentUniformsNHL.Rd:11-12: Lost braces in \itemize; meant \describe ? checkRd: (-1) MalevolentUniformsNHL.Rd:13: Lost braces in \itemize; meant \describe ? checkRd: (-1) MammalLongevity.Rd:9: Lost braces in \itemize; meant \describe ? checkRd: (-1) MammalLongevity.Rd:11: Lost braces in \itemize; meant \describe ? checkRd: (-1) MammalLongevity.Rd:13: Lost braces in \itemize; meant \describe ? checkRd: (-1) ManhattanApartments.Rd:9: Lost braces in \itemize; meant \describe ? checkRd: (-1) MarriageAges.Rd:9: Lost braces in \itemize; meant \describe ? checkRd: (-1) MarriageAges.Rd:11: Lost braces in \itemize; meant \describe ? checkRd: (-1) MastersGolf.Rd:9: Lost braces in \itemize; meant \describe ? checkRd: (-1) MastersGolf.Rd:10: Lost braces in \itemize; meant \describe ? checkRd: (-1) MentalMuscle.Rd:9-10: Lost braces in \itemize; meant \describe ? checkRd: (-1) MentalMuscle.Rd:11: Lost braces in \itemize; meant \describe ? checkRd: (-1) MentalMuscle.Rd:12: Lost braces in \itemize; meant \describe ? checkRd: (-1) MiamiHeat.Rd:9: Lost braces in \itemize; meant \describe ? checkRd: (-1) MiamiHeat.Rd:11: Lost braces in \itemize; meant \describe ? checkRd: (-1) MiamiHeat.Rd:12: Lost braces in \itemize; meant \describe ? checkRd: (-1) MiamiHeat.Rd:14: Lost braces in \itemize; meant \describe ? checkRd: (-1) MiamiHeat.Rd:16: Lost braces in \itemize; meant \describe ? checkRd: (-1) MiamiHeat.Rd:17-18: Lost braces in \itemize; meant \describe ? checkRd: (-1) MiamiHeat.Rd:19: Lost braces in \itemize; meant \describe ? checkRd: (-1) MiamiHeat.Rd:20-21: Lost braces in \itemize; meant \describe ? checkRd: (-1) MiamiHeat.Rd:22: Lost braces in \itemize; meant \describe ? checkRd: (-1) MiamiHeat.Rd:24: Lost braces in \itemize; meant \describe ? checkRd: (-1) MiamiHeat.Rd:26: Lost braces in \itemize; meant \describe ? checkRd: (-1) MiamiHeat.Rd:27-28: Lost braces in \itemize; meant \describe ? checkRd: (-1) MiamiHeat.Rd:29: Lost braces in \itemize; meant \describe ? checkRd: (-1) MiamiHeat.Rd:31: Lost braces in \itemize; meant \describe ? checkRd: (-1) MiamiHeat.Rd:32-33: Lost braces in \itemize; meant \describe ? checkRd: (-1) MiamiHeat.Rd:34: Lost braces in \itemize; meant \describe ? checkRd: (-1) MiamiHeat.Rd:36: Lost braces in \itemize; meant \describe ? checkRd: (-1) MiamiHeat.Rd:38: Lost braces in \itemize; meant \describe ? checkRd: (-1) MiamiHeat.Rd:39-40: Lost braces in \itemize; meant \describe ? checkRd: (-1) MiamiHeat.Rd:41: Lost braces in \itemize; meant \describe ? checkRd: (-1) MiamiHeat.Rd:43: Lost braces in \itemize; meant \describe ? checkRd: (-1) MiamiHeat.Rd:45: Lost braces in \itemize; meant \describe ? checkRd: (-1) MiamiHeat.Rd:47: Lost braces in \itemize; meant \describe ? checkRd: (-1) MiamiHeat.Rd:49: Lost braces in \itemize; meant \describe ? checkRd: (-1) MiamiHeat.Rd:51: Lost braces in \itemize; meant \describe ? checkRd: (-1) MiamiHeat.Rd:53: Lost braces in \itemize; meant \describe ? checkRd: (-1) MiamiHeat.Rd:55: Lost braces in \itemize; meant \describe ? checkRd: (-1) MiamiHeat.Rd:57: Lost braces in \itemize; meant \describe ? checkRd: (-1) MiamiHeat.Rd:59: Lost braces in \itemize; meant \describe ? checkRd: (-1) MiamiHeat.Rd:61: Lost braces in \itemize; meant \describe ? checkRd: (-1) MiamiHeat.Rd:63: Lost braces in \itemize; meant \describe ? checkRd: (-1) MiamiHeat.Rd:65: Lost braces in \itemize; meant \describe ? checkRd: (-1) MiamiHeat.Rd:67: Lost braces in \itemize; meant \describe ? checkRd: (-1) MiamiHeat.Rd:69: Lost braces in \itemize; meant \describe ? checkRd: (-1) MindsetMatters.Rd:9-10: Lost braces in \itemize; meant \describe ? checkRd: (-1) MindsetMatters.Rd:11-12: Lost braces in \itemize; meant \describe ? checkRd: (-1) MindsetMatters.Rd:13: Lost braces in \itemize; meant \describe ? checkRd: (-1) MindsetMatters.Rd:15: Lost braces in \itemize; meant \describe ? checkRd: (-1) MindsetMatters.Rd:16-17: Lost braces in \itemize; meant \describe ? checkRd: (-1) MindsetMatters.Rd:18: Lost braces in \itemize; meant \describe ? checkRd: (-1) MindsetMatters.Rd:20: Lost braces in \itemize; meant \describe ? checkRd: (-1) MindsetMatters.Rd:22: Lost braces in \itemize; meant \describe ? checkRd: (-1) MindsetMatters.Rd:23-24: Lost braces in \itemize; meant \describe ? checkRd: (-1) MindsetMatters.Rd:25-26: Lost braces in \itemize; meant \describe ? checkRd: (-1) MindsetMatters.Rd:27: Lost braces in \itemize; meant \describe ? checkRd: (-1) MindsetMatters.Rd:28-29: Lost braces in \itemize; meant \describe ? checkRd: (-1) MindsetMatters.Rd:30-31: Lost braces in \itemize; meant \describe ? checkRd: (-1) MindsetMatters.Rd:32: Lost braces in \itemize; meant \describe ? checkRd: (-1) MindsetMatters.Rd:34: Lost braces in \itemize; meant \describe ? checkRd: (-1) MinistersRum.Rd:9: Lost braces in \itemize; meant \describe ? checkRd: (-1) MinistersRum.Rd:11: Lost braces in \itemize; meant \describe ? checkRd: (-1) MinistersRum.Rd:13: Lost braces in \itemize; meant \describe ? checkRd: (-1) MustangPrice.Rd:9: Lost braces in \itemize; meant \describe ? checkRd: (-1) MustangPrice.Rd:11: Lost braces in \itemize; meant \describe ? checkRd: (-1) MustangPrice.Rd:13: Lost braces in \itemize; meant \describe ? checkRd: (-1) MustangPrice.Rd:13: Escaped LaTeX specials: \$ checkRd: (-1) MustangPrice.Rd:24: Escaped LaTeX specials: \$ checkRd: (-1) NBAPlayers2011.Rd:9: Lost braces in \itemize; meant \describe ? checkRd: (-1) NBAPlayers2011.Rd:10-11: Lost braces in \itemize; meant \describe ? checkRd: (-1) NBAPlayers2011.Rd:12: Lost braces in \itemize; meant \describe ? checkRd: (-1) NBAPlayers2011.Rd:13-14: Lost braces in \itemize; meant \describe ? checkRd: (-1) NBAPlayers2011.Rd:15: Lost braces in \itemize; meant \describe ? checkRd: (-1) NBAPlayers2011.Rd:17: Lost braces in \itemize; meant \describe ? checkRd: (-1) NBAPlayers2011.Rd:18-19: Lost braces in \itemize; meant \describe ? checkRd: (-1) NBAPlayers2011.Rd:20: Lost braces in \itemize; meant \describe ? checkRd: (-1) NBAPlayers2011.Rd:21-22: Lost braces in \itemize; meant \describe ? checkRd: (-1) NBAPlayers2011.Rd:23: Lost braces in \itemize; meant \describe ? checkRd: (-1) NBAPlayers2011.Rd:25: Lost braces in \itemize; meant \describe ? checkRd: (-1) NBAPlayers2011.Rd:27: Lost braces in \itemize; meant \describe ? checkRd: (-1) NBAPlayers2011.Rd:29: Lost braces in \itemize; meant \describe ? checkRd: (-1) NBAPlayers2011.Rd:30-31: Lost braces in \itemize; meant \describe ? checkRd: (-1) NBAPlayers2011.Rd:32: Lost braces in \itemize; meant \describe ? checkRd: (-1) NBAPlayers2011.Rd:34: Lost braces in \itemize; meant \describe ? checkRd: (-1) NBAPlayers2011.Rd:36: Lost braces in \itemize; meant \describe ? checkRd: (-1) NBAPlayers2011.Rd:38: Lost braces in \itemize; meant \describe ? checkRd: (-1) NBAPlayers2011.Rd:39-40: Lost braces in \itemize; meant \describe ? checkRd: (-1) NBAPlayers2011.Rd:41: Lost braces in \itemize; meant \describe ? checkRd: (-1) NBAPlayers2011.Rd:43: Lost braces in \itemize; meant \describe ? checkRd: (-1) NBAPlayers2011.Rd:44-45: Lost braces in \itemize; meant \describe ? checkRd: (-1) NBAPlayers2011.Rd:46: Lost braces in \itemize; meant \describe ? checkRd: (-1) NBAPlayers2011.Rd:48: Lost braces in \itemize; meant \describe ? checkRd: (-1) NBAPlayers2011.Rd:49-50: Lost braces in \itemize; meant \describe ? checkRd: (-1) NBAStandings.Rd:9: Lost braces in \itemize; meant \describe ? checkRd: (-1) NBAStandings.Rd:10-11: Lost braces in \itemize; meant \describe ? checkRd: (-1) NBAStandings.Rd:12: Lost braces in \itemize; meant \describe ? checkRd: (-1) NBAStandings.Rd:14: Lost braces in \itemize; meant \describe ? checkRd: (-1) NBAStandings.Rd:15-16: Lost braces in \itemize; meant \describe ? checkRd: (-1) NBAStandings.Rd:17-18: Lost braces in \itemize; meant \describe ? checkRd: (-1) NFLScores2011.Rd:9: Lost braces in \itemize; meant \describe ? checkRd: (-1) NFLScores2011.Rd:10: Lost braces in \itemize; meant \describe ? checkRd: (-1) NFLScores2011.Rd:11: Lost braces in \itemize; meant \describe ? checkRd: (-1) NFLScores2011.Rd:12: Lost braces in \itemize; meant \describe ? checkRd: (-1) NFLScores2011.Rd:13: Lost braces in \itemize; meant \describe ? checkRd: (-1) NFLScores2011.Rd:14: Lost braces in \itemize; meant \describe ? checkRd: (-1) NFLScores2011.Rd:15: Lost braces in \itemize; meant \describe ? checkRd: (-1) NFLScores2011.Rd:16: Lost braces in \itemize; meant \describe ? checkRd: (-1) NFLScores2011.Rd:17: Lost braces in \itemize; meant \describe ? checkRd: (-1) NFLScores2011.Rd:18: Lost braces in \itemize; meant \describe ? checkRd: (-1) NFLScores2011.Rd:19: Lost braces in \itemize; meant \describe ? checkRd: (-1) NFLScores2011.Rd:20: Lost braces in \itemize; meant \describe ? checkRd: (-1) NutritionStudy.Rd:9: Lost braces in \itemize; meant \describe ? checkRd: (-1) NutritionStudy.Rd:11: Lost braces in \itemize; meant \describe ? checkRd: (-1) NutritionStudy.Rd:12-13: Lost braces in \itemize; meant \describe ? checkRd: (-1) NutritionStudy.Rd:14: Lost braces in \itemize; meant \describe ? checkRd: (-1) NutritionStudy.Rd:16-17: Lost braces in \itemize; meant \describe ? checkRd: (-1) NutritionStudy.Rd:18-19: Lost braces in \itemize; meant \describe ? checkRd: (-1) NutritionStudy.Rd:20: Lost braces in \itemize; meant \describe ? checkRd: (-1) NutritionStudy.Rd:22: Lost braces in \itemize; meant \describe ? checkRd: (-1) NutritionStudy.Rd:24: Lost braces in \itemize; meant \describe ? checkRd: (-1) NutritionStudy.Rd:26: Lost braces in \itemize; meant \describe ? checkRd: (-1) NutritionStudy.Rd:28: Lost braces in \itemize; meant \describe ? checkRd: (-1) NutritionStudy.Rd:30: Lost braces in \itemize; meant \describe ? checkRd: (-1) NutritionStudy.Rd:32: Lost braces in \itemize; meant \describe ? checkRd: (-1) NutritionStudy.Rd:34: Lost braces in \itemize; meant \describe ? checkRd: (-1) NutritionStudy.Rd:36: Lost braces in \itemize; meant \describe ? checkRd: (-1) NutritionStudy.Rd:38-39: Lost braces in \itemize; meant \describe ? checkRd: (-1) NutritionStudy.Rd:40-41: Lost braces in \itemize; meant \describe ? checkRd: (-1) NutritionStudy.Rd:42-43: Lost braces in \itemize; meant \describe ? checkRd: (-1) OlympicMarathon.Rd:9: Lost braces in \itemize; meant \describe ? checkRd: (-1) OlympicMarathon.Rd:10-11: Lost braces in \itemize; meant \describe ? checkRd: (-1) OlympicMarathon.Rd:12: Lost braces in \itemize; meant \describe ? checkRd: (-1) OlympicMarathon.Rd:14: Lost braces in \itemize; meant \describe ? checkRd: (-1) OlympicMarathon.Rd:15: Lost braces in \itemize; meant \describe ? checkRd: (-1) OttawaSenators.Rd:9: Lost braces in \itemize; meant \describe ? checkRd: (-1) OttawaSenators.Rd:11: Lost braces in \itemize; meant \describe ? checkRd: (-1) PizzaGirl.Rd:9: Lost braces in \itemize; meant \describe ? checkRd: (-1) PizzaGirl.Rd:10: Lost braces in \itemize; meant \describe ? checkRd: (-1) QuizPulse10.Rd:9: Lost braces in \itemize; meant \describe ? checkRd: (-1) QuizPulse10.Rd:11: Lost braces in \itemize; meant \describe ? checkRd: (-1) QuizPulse10.Rd:13: Lost braces in \itemize; meant \describe ? checkRd: (-1) RandomP50N200.Rd:9-10: Lost braces in \itemize; meant \describe ? checkRd: (-1) RandomP50N200.Rd:11: Lost braces in \itemize; meant \describe ? checkRd: (-1) RestaurantTips.Rd:9: Lost braces in \itemize; meant \describe ? checkRd: (-1) RestaurantTips.Rd:11: Lost braces in \itemize; meant \describe ? checkRd: (-1) RestaurantTips.Rd:12-13: Lost braces in \itemize; meant \describe ? checkRd: (-1) RestaurantTips.Rd:14-15: Lost braces in \itemize; meant \describe ? checkRd: (-1) RestaurantTips.Rd:16-17: Lost braces in \itemize; meant \describe ? checkRd: (-1) RestaurantTips.Rd:18-20: Lost braces in \itemize; meant \describe ? checkRd: (-1) RestaurantTips.Rd:21-22: Lost braces in \itemize; meant \describe ? checkRd: (-1) RestaurantTips.Rd:23: Lost braces in \itemize; meant \describe ? checkRd: (-1) RetailSales.Rd:9: Lost braces in \itemize; meant \describe ? checkRd: (-1) RetailSales.Rd:10: Lost braces in \itemize; meant \describe ? checkRd: (-1) RetailSales.Rd:11: Lost braces in \itemize; meant \describe ? checkRd: (-1) RetailSales.Rd:12: Lost braces in \itemize; meant \describe ? checkRd: (-1) RockandRoll.Rd:9: Lost braces in \itemize; meant \describe ? checkRd: (-1) RockandRoll.Rd:11-12: Lost braces in \itemize; meant \describe ? checkRd: (-1) RockandRoll.Rd:13-15: Lost braces in \itemize; meant \describe ? checkRd: (-1) RockandRoll.Rd:16-17: Lost braces in \itemize; meant \describe ? checkRd: (-1) SalaryGender.Rd:9: Lost braces in \itemize; meant \describe ? checkRd: (-1) SalaryGender.Rd:9: Escaped LaTeX specials: \$ checkRd: (-1) SalaryGender.Rd:10: Lost braces in \itemize; meant \describe ? checkRd: (-1) SalaryGender.Rd:11: Lost braces in \itemize; meant \describe ? checkRd: (-1) SalaryGender.Rd:12: Lost braces in \itemize; meant \describe ? checkRd: (-1) SalaryGender.Rd:13: Lost braces in \itemize; meant \describe ? checkRd: (-1) SalaryGender.Rd:14: Lost braces in \itemize; meant \describe ? checkRd: (-1) SampCountries.Rd:9: Lost braces in \itemize; meant \describe ? checkRd: (-1) SampCountries.Rd:10: Lost braces in \itemize; meant \describe ? checkRd: (-1) SampCountries.Rd:11: Lost braces in \itemize; meant \describe ? checkRd: (-1) SampCountries.Rd:12: Lost braces in \itemize; meant \describe ? checkRd: (-1) SampCountries.Rd:13: Lost braces in \itemize; meant \describe ? checkRd: (-1) SampCountries.Rd:14-15: Lost braces in \itemize; meant \describe ? checkRd: (-1) SampCountries.Rd:16-17: Lost braces in \itemize; meant \describe ? checkRd: (-1) SampCountries.Rd:18-19: Lost braces in \itemize; meant \describe ? checkRd: (-1) SampCountries.Rd:20-21: Lost braces in \itemize; meant \describe ? checkRd: (-1) SampCountries.Rd:22-23: Lost braces in \itemize; meant \describe ? checkRd: (-1) SampCountries.Rd:24: Lost braces in \itemize; meant \describe ? checkRd: (-1) SampCountries.Rd:25: Lost braces in \itemize; meant \describe ? checkRd: (-1) SampCountries.Rd:26: Lost braces in \itemize; meant \describe ? checkRd: (-1) SampCountries.Rd:27: Lost braces in \itemize; meant \describe ? checkRd: (-1) SandP500.Rd:6: Escaped LaTeX specials: \& checkRd: (-1) SandP500.Rd:24: Escaped LaTeX specials: \& checkRd: (-1) SandP500.Rd:9: Lost braces in \itemize; meant \describe ? checkRd: (-1) SandP500.Rd:10: Lost braces in \itemize; meant \describe ? checkRd: (-1) SandP500.Rd:11: Lost braces in \itemize; meant \describe ? checkRd: (-1) SandP500.Rd:13: Lost braces in \itemize; meant \describe ? checkRd: (-1) SandP500.Rd:14-15: Lost braces in \itemize; meant \describe ? checkRd: (-1) SandP500.Rd:16: Lost braces in \itemize; meant \describe ? checkRd: (-1) SandP500.Rd:17-18: Lost braces in \itemize; meant \describe ? checkRd: (-1) SandP500.Rd:27: Escaped LaTeX specials: \& checkRd: (-1) SandwichAnts.Rd:9: Lost braces in \itemize; meant \describe ? checkRd: (-1) SandwichAnts.Rd:11-12: Lost braces in \itemize; meant \describe ? checkRd: (-1) SandwichAnts.Rd:13-14: Lost braces in \itemize; meant \describe ? checkRd: (-1) SandwichAnts.Rd:16: Lost braces in \itemize; meant \describe ? checkRd: (-1) SandwichAnts.Rd:18: Lost braces in \itemize; meant \describe ? checkRd: (-1) SandwichAnts.Rd:32: Escaped LaTeX specials: \& checkRd: (-1) SandwichAnts2.Rd:9: Lost braces in \itemize; meant \describe ? checkRd: (-1) SandwichAnts2.Rd:11-12: Lost braces in \itemize; meant \describe ? checkRd: (-1) SandwichAnts2.Rd:13-14: Lost braces in \itemize; meant \describe ? checkRd: (-1) SandwichAnts2.Rd:16: Lost braces in \itemize; meant \describe ? checkRd: (-1) SandwichAnts2.Rd:18: Lost braces in \itemize; meant \describe ? checkRd: (-1) SandwichAnts2.Rd:32: Escaped LaTeX specials: \& checkRd: (-1) SkateboardPrices.Rd:9: Lost braces in \itemize; meant \describe ? checkRd: (-1) SleepCaffeine.Rd:9: Lost braces in \itemize; meant \describe ? checkRd: (-1) SleepCaffeine.Rd:10: Lost braces in \itemize; meant \describe ? checkRd: (-1) SleepStudy.Rd:9: Lost braces in \itemize; meant \describe ? checkRd: (-1) SleepStudy.Rd:10: Lost braces in \itemize; meant \describe ? checkRd: (-1) SleepStudy.Rd:11: Lost braces in \itemize; meant \describe ? checkRd: (-1) SleepStudy.Rd:12-13: Lost braces in \itemize; meant \describe ? checkRd: (-1) SleepStudy.Rd:14: Lost braces in \itemize; meant \describe ? checkRd: (-1) SleepStudy.Rd:15: Lost braces in \itemize; meant \describe ? checkRd: (-1) SleepStudy.Rd:16: Lost braces in \itemize; meant \describe ? checkRd: (-1) SleepStudy.Rd:17: Lost braces in \itemize; meant \describe ? checkRd: (-1) SleepStudy.Rd:18: Lost braces in \itemize; meant \describe ? checkRd: (-1) SleepStudy.Rd:19: Lost braces in \itemize; meant \describe ? checkRd: (-1) SleepStudy.Rd:20: Lost braces in \itemize; meant \describe ? checkRd: (-1) SleepStudy.Rd:21: Lost braces in \itemize; meant \describe ? checkRd: (-1) SleepStudy.Rd:22: Lost braces in \itemize; meant \describe ? checkRd: (-1) SleepStudy.Rd:23: Lost braces in \itemize; meant \describe ? checkRd: (-1) SleepStudy.Rd:24-25: Lost braces in \itemize; meant \describe ? checkRd: (-1) SleepStudy.Rd:26-27: Lost braces in \itemize; meant \describe ? checkRd: (-1) SleepStudy.Rd:28: Lost braces in \itemize; meant \describe ? checkRd: (-1) SleepStudy.Rd:29: Lost braces in \itemize; meant \describe ? checkRd: (-1) SleepStudy.Rd:30: Lost braces in \itemize; meant \describe ? checkRd: (-1) SleepStudy.Rd:31-32: Lost braces in \itemize; meant \describe ? checkRd: (-1) SleepStudy.Rd:33: Lost braces in \itemize; meant \describe ? checkRd: (-1) SleepStudy.Rd:34: Lost braces in \itemize; meant \describe ? checkRd: (-1) SleepStudy.Rd:35: Lost braces in \itemize; meant \describe ? checkRd: (-1) SleepStudy.Rd:36: Lost braces in \itemize; meant \describe ? checkRd: (-1) SleepStudy.Rd:37: Lost braces in \itemize; meant \describe ? checkRd: (-1) SleepStudy.Rd:38: Lost braces in \itemize; meant \describe ? checkRd: (-1) SleepStudy.Rd:39: Lost braces in \itemize; meant \describe ? checkRd: (-1) SleepStudy.Rd:40: Lost braces in \itemize; meant \describe ? checkRd: (-1) SleepStudy.Rd:41: Lost braces in \itemize; meant \describe ? checkRd: (-1) SleepStudy.Rd:42: Lost braces in \itemize; meant \describe ? checkRd: (-1) Smiles.Rd:9-10: Lost braces in \itemize; meant \describe ? checkRd: (-1) Smiles.Rd:11-12: Lost braces in \itemize; meant \describe ? checkRd: (-1) SpeedDating.Rd:9: Lost braces in \itemize; meant \describe ? checkRd: (-1) SpeedDating.Rd:10: Lost braces in \itemize; meant \describe ? checkRd: (-1) SpeedDating.Rd:11: Lost braces in \itemize; meant \describe ? checkRd: (-1) SpeedDating.Rd:12: Lost braces in \itemize; meant \describe ? checkRd: (-1) SpeedDating.Rd:13: Lost braces in \itemize; meant \describe ? checkRd: (-1) SpeedDating.Rd:14: Lost braces in \itemize; meant \describe ? checkRd: (-1) SpeedDating.Rd:15-16: Lost braces in \itemize; meant \describe ? checkRd: (-1) SpeedDating.Rd:17-18: Lost braces in \itemize; meant \describe ? checkRd: (-1) SpeedDating.Rd:19: Lost braces in \itemize; meant \describe ? checkRd: (-1) SpeedDating.Rd:20: Lost braces in \itemize; meant \describe ? checkRd: (-1) SpeedDating.Rd:21-22: Lost braces in \itemize; meant \describe ? checkRd: (-1) SpeedDating.Rd:23-24: Lost braces in \itemize; meant \describe ? checkRd: (-1) SpeedDating.Rd:25: Lost braces in \itemize; meant \describe ? checkRd: (-1) SpeedDating.Rd:26: Lost braces in \itemize; meant \describe ? checkRd: (-1) SpeedDating.Rd:27: Lost braces in \itemize; meant \describe ? checkRd: (-1) SpeedDating.Rd:28: Lost braces in \itemize; meant \describe ? checkRd: (-1) SpeedDating.Rd:29: Lost braces in \itemize; meant \describe ? checkRd: (-1) SpeedDating.Rd:30: Lost braces in \itemize; meant \describe ? checkRd: (-1) SpeedDating.Rd:31: Lost braces in \itemize; meant \describe ? checkRd: (-1) SpeedDating.Rd:32: Lost braces in \itemize; meant \describe ? checkRd: (-1) SpeedDating.Rd:33: Lost braces in \itemize; meant \describe ? checkRd: (-1) SpeedDating.Rd:34: Lost braces in \itemize; meant \describe ? checkRd: (-1) SpeedDating.Rd:35-36: Lost braces in \itemize; meant \describe ? checkRd: (-1) SpeedDating.Rd:37-38: Lost braces in \itemize; meant \describe ? checkRd: (-1) StatGrades.Rd:9: Lost braces in \itemize; meant \describe ? checkRd: (-1) StatGrades.Rd:10: Lost braces in \itemize; meant \describe ? checkRd: (-1) StatGrades.Rd:11: Lost braces in \itemize; meant \describe ? checkRd: (-1) StatisticsPhD.Rd:9: Lost braces in \itemize; meant \describe ? checkRd: (-1) StatisticsPhD.Rd:11-12: Lost braces in \itemize; meant \describe ? checkRd: (-1) StatisticsPhD.Rd:13-14: Lost braces in \itemize; meant \describe ? checkRd: (-1) StockChanges.Rd:11: Escaped LaTeX specials: \& checkRd: (-1) StockChanges.Rd:9: Lost braces in \itemize; meant \describe ? checkRd: (-1) StockChanges.Rd:15: Escaped LaTeX specials: \& checkRd: (-1) StorySpoilers.Rd:9: Lost braces in \itemize; meant \describe ? checkRd: (-1) StorySpoilers.Rd:10: Lost braces in \itemize; meant \describe ? checkRd: (-1) StorySpoilers.Rd:11: Lost braces in \itemize; meant \describe ? checkRd: (-1) StressedMice.Rd:9: Lost braces in \itemize; meant \describe ? checkRd: (-1) StressedMice.Rd:11-12: Lost braces in \itemize; meant \describe ? checkRd: (-1) StudentSurvey.Rd:9: Lost braces in \itemize; meant \describe ? checkRd: (-1) StudentSurvey.Rd:11: Lost braces in \itemize; meant \describe ? checkRd: (-1) StudentSurvey.Rd:13: Lost braces in \itemize; meant \describe ? checkRd: (-1) StudentSurvey.Rd:15-16: Lost braces in \itemize; meant \describe ? checkRd: (-1) StudentSurvey.Rd:17-18: Lost braces in \itemize; meant \describe ? checkRd: (-1) StudentSurvey.Rd:19: Lost braces in \itemize; meant \describe ? checkRd: (-1) StudentSurvey.Rd:21: Lost braces in \itemize; meant \describe ? checkRd: (-1) StudentSurvey.Rd:22-23: Lost braces in \itemize; meant \describe ? checkRd: (-1) StudentSurvey.Rd:24: Lost braces in \itemize; meant \describe ? checkRd: (-1) StudentSurvey.Rd:26: Lost braces in \itemize; meant \describe ? checkRd: (-1) StudentSurvey.Rd:27-28: Lost braces in \itemize; meant \describe ? checkRd: (-1) StudentSurvey.Rd:29: Lost braces in \itemize; meant \describe ? checkRd: (-1) StudentSurvey.Rd:31: Lost braces in \itemize; meant \describe ? checkRd: (-1) StudentSurvey.Rd:32-33: Lost braces in \itemize; meant \describe ? checkRd: (-1) StudentSurvey.Rd:34: Lost braces in \itemize; meant \describe ? checkRd: (-1) StudentSurvey.Rd:36: Lost braces in \itemize; meant \describe ? checkRd: (-1) StudentSurvey.Rd:38: Lost braces in \itemize; meant \describe ? checkRd: (-1) TenCountries.Rd:9-12: Lost braces in \itemize; meant \describe ? checkRd: (-1) TenCountries.Rd:13-15: Lost braces in \itemize; meant \describe ? checkRd: (-1) TenCountries.Rd:16: Lost braces in \itemize; meant \describe ? checkRd: (-1) TenCountries.Rd:18: Lost braces in \itemize; meant \describe ? checkRd: (-1) TextbookCosts.Rd:9-11: Lost braces in \itemize; meant \describe ? checkRd: (-1) TextbookCosts.Rd:12: Lost braces in \itemize; meant \describe ? checkRd: (-1) TextbookCosts.Rd:14: Lost braces in \itemize; meant \describe ? checkRd: (-1) ToenailArsenic.Rd:9: Lost braces in \itemize; meant \describe ? checkRd: (-1) TrafficFlow.Rd:9-10: Lost braces in \itemize; meant \describe ? checkRd: (-1) TrafficFlow.Rd:11-12: Lost braces in \itemize; meant \describe ? checkRd: (-1) TrafficFlow.Rd:13-14: Lost braces in \itemize; meant \describe ? checkRd: (-1) TrafficFlow.Rd:18: Escaped LaTeX specials: \# checkRd: (-1) USStates.Rd:9: Lost braces in \itemize; meant \describe ? checkRd: (-1) USStates.Rd:11: Lost braces in \itemize; meant \describe ? checkRd: (-1) USStates.Rd:13: Lost braces in \itemize; meant \describe ? checkRd: (-1) USStates.Rd:15-16: Lost braces in \itemize; meant \describe ? checkRd: (-1) USStates.Rd:17-18: Lost braces in \itemize; meant \describe ? checkRd: (-1) USStates.Rd:20-21: Lost braces in \itemize; meant \describe ? checkRd: (-1) USStates.Rd:22-23: Lost braces in \itemize; meant \describe ? checkRd: (-1) USStates.Rd:24-25: Lost braces in \itemize; meant \describe ? checkRd: (-1) USStates.Rd:26: Lost braces in \itemize; meant \describe ? checkRd: (-1) USStates.Rd:28: Lost braces in \itemize; meant \describe ? checkRd: (-1) USStates.Rd:30: Lost braces in \itemize; meant \describe ? checkRd: (-1) USStates.Rd:32-33: Lost braces in \itemize; meant \describe ? checkRd: (-1) USStates.Rd:34-35: Lost braces in \itemize; meant \describe ? checkRd: (-1) USStates.Rd:36-37: Lost braces in \itemize; meant \describe ? checkRd: (-1) USStates.Rd:39: Lost braces in \itemize; meant \describe ? checkRd: (-1) USStates.Rd:41: Lost braces in \itemize; meant \describe ? checkRd: (-1) USStates.Rd:43: Lost braces in \itemize; meant \describe ? checkRd: (-1) USStates.Rd:45: Lost braces in \itemize; meant \describe ? checkRd: (-1) WaterStriders.Rd:9-10: Lost braces in \itemize; meant \describe ? checkRd: (-1) WaterStriders.Rd:11-12: Lost braces in \itemize; meant \describe ? checkRd: (-1) WaterStriders.Rd:13-14: Lost braces in \itemize; meant \describe ? checkRd: (-1) WaterTaste.Rd:9-10: Lost braces in \itemize; meant \describe ? checkRd: (-1) WaterTaste.Rd:11: Lost braces in \itemize; meant \describe ? checkRd: (-1) WaterTaste.Rd:12-14: Lost braces in \itemize; meant \describe ? checkRd: (-1) WaterTaste.Rd:15-16: Lost braces in \itemize; meant \describe ? checkRd: (-1) WaterTaste.Rd:18: Lost braces in \itemize; meant \describe ? checkRd: (-1) WaterTaste.Rd:20-21: Lost braces in \itemize; meant \describe ? checkRd: (-1) WaterTaste.Rd:23-24: Lost braces in \itemize; meant \describe ? checkRd: (-1) WaterTaste.Rd:25: Lost braces in \itemize; meant \describe ? checkRd: (-1) WaterTaste.Rd:27: Lost braces in \itemize; meant \describe ? checkRd: (-1) WaterTaste.Rd:28: Lost braces in \itemize; meant \describe ? checkRd: (-1) Wetsuits.Rd:9-10: Lost braces in \itemize; meant \describe ? checkRd: (-1) Wetsuits.Rd:11-12: Lost braces in \itemize; meant \describe ? checkRd: (-1) Wetsuits.Rd:13-14: Lost braces in \itemize; meant \describe ? checkRd: (-1) Wetsuits.Rd:15-16: Lost braces in \itemize; meant \describe ? Flavors: r-devel-linux-x86_64-debian-clang, r-devel-linux-x86_64-debian-gcc, r-devel-linux-x86_64-fedora-clang, r-devel-linux-x86_64-fedora-gcc

Version: 1.2.2
Check: Rd metadata
Result: NOTE Invalid package aliases in Rd file 'Lock5Data-package.Rd': ‘Lock5Data-package’ Flavors: r-devel-linux-x86_64-debian-clang, r-devel-linux-x86_64-debian-gcc, r-devel-linux-x86_64-fedora-clang, r-devel-linux-x86_64-fedora-gcc, r-devel-windows-x86_64

Version: 1.2.2
Check: Rd files
Result: NOTE checkRd: (-1) ACS.Rd:13: Escaped LaTeX specials: \$ checkRd: (-1) EmployedACS.Rd:14: Escaped LaTeX specials: \$ checkRd: (-1) HomesForSale.Rd:11: Escaped LaTeX specials: \$ checkRd: (-1) HomesForSaleCA.Rd:11: Escaped LaTeX specials: \$ checkRd: (-1) HomesForSaleCanton.Rd:9: Escaped LaTeX specials: \$ checkRd: (-1) HomesForSaleNY.Rd:11: Escaped LaTeX specials: \$ checkRd: (-1) MustangPrice.Rd:13: Escaped LaTeX specials: \$ checkRd: (-1) MustangPrice.Rd:24: Escaped LaTeX specials: \$ checkRd: (-1) SalaryGender.Rd:9: Escaped LaTeX specials: \$ checkRd: (-1) SandP500.Rd:6: Escaped LaTeX specials: \& checkRd: (-1) SandP500.Rd:24: Escaped LaTeX specials: \& checkRd: (-1) SandP500.Rd:27: Escaped LaTeX specials: \& checkRd: (-1) SandwichAnts.Rd:32: Escaped LaTeX specials: \& checkRd: (-1) SandwichAnts2.Rd:32: Escaped LaTeX specials: \& checkRd: (-1) StockChanges.Rd:11: Escaped LaTeX specials: \& checkRd: (-1) StockChanges.Rd:15: Escaped LaTeX specials: \& checkRd: (-1) TrafficFlow.Rd:18: Escaped LaTeX specials: \# Flavors: r-devel-windows-x86_64, r-patched-linux-x86_64, r-release-linux-x86_64, r-release-macos-arm64, r-release-macos-x86_64, r-release-windows-x86_64