CRAN Package Check Results for Package LongituRF

Last updated on 2024-07-24 20:52:25 CEST.

Flavor Version Tinstall Tcheck Ttotal Status Flags
r-devel-linux-x86_64-debian-clang 0.9 6.62 53.92 60.54 NOTE
r-devel-linux-x86_64-debian-gcc 0.9 5.40 40.83 46.23 NOTE
r-devel-linux-x86_64-fedora-clang 0.9 77.95 NOTE
r-devel-linux-x86_64-fedora-gcc 0.9 73.75 NOTE
r-devel-windows-x86_64 0.9 7.00 63.00 70.00 NOTE
r-patched-linux-x86_64 0.9 7.17 53.68 60.85 NOTE
r-release-linux-x86_64 0.9 5.81 52.31 58.12 NOTE
r-release-macos-arm64 0.9 24.00 NOTE
r-release-macos-x86_64 0.9 35.00 NOTE
r-release-windows-x86_64 0.9 6.00 63.00 69.00 NOTE
r-oldrel-macos-arm64 0.9 27.00 NOTE
r-oldrel-macos-x86_64 0.9 39.00 NOTE
r-oldrel-windows-x86_64 0.9 9.00 71.00 80.00 NOTE

Check Details

Version: 0.9
Check: LazyData
Result: NOTE 'LazyData' is specified without a 'data' directory Flavors: r-devel-linux-x86_64-debian-clang, r-devel-linux-x86_64-debian-gcc, r-devel-linux-x86_64-fedora-clang, r-devel-linux-x86_64-fedora-gcc, r-devel-windows-x86_64, r-patched-linux-x86_64, r-release-linux-x86_64, r-release-macos-arm64, r-release-macos-x86_64, r-release-windows-x86_64, r-oldrel-macos-arm64, r-oldrel-macos-x86_64, r-oldrel-windows-x86_64