CRAN Package Check Results for Package MAGMA.R

Last updated on 2024-06-12 20:59:02 CEST.

Flavor Version Tinstall Tcheck Ttotal Status Flags
r-devel-linux-x86_64-debian-clang 1.0.1 18.69 279.43 298.12 OK
r-devel-linux-x86_64-debian-gcc 1.0.1 0.39 1.92 2.31 ERROR
r-devel-linux-x86_64-fedora-clang 1.0.1 363.82 OK
r-devel-linux-x86_64-fedora-gcc 1.0.1 364.23 OK
r-devel-windows-x86_64 1.0.1 17.00 225.00 242.00 OK
r-patched-linux-x86_64 1.0.1 12.49 259.07 271.56 OK
r-release-linux-x86_64 1.0.1 12.49 263.59 276.08 OK
r-release-macos-arm64 1.0.1 109.00 OK
r-release-macos-x86_64 1.0.1 172.00 OK
r-release-windows-x86_64 1.0.1 16.00 211.00 227.00 OK
r-oldrel-macos-arm64 1.0.1 128.00 OK
r-oldrel-macos-x86_64 1.0.1 331.00 OK
r-oldrel-windows-x86_64 1.0.1 22.00 292.00 314.00 OK

Check Details

Version: 1.0.1
Check: package dependencies
Result: ERROR Packages required but not available: 'tidyverse', 'ggplot2', 'janitor', 'overlapping', 'purrr', 'tibble', 'dplyr', 'tidyselect' See section ‘The DESCRIPTION file’ in the ‘Writing R Extensions’ manual. Flavor: r-devel-linux-x86_64-debian-gcc