CRAN Package Check Results for Package MANOVA.RM

Last updated on 2024-02-28 18:50:39 CET.

Flavor Version Tinstall Tcheck Ttotal Status Flags
r-devel-linux-x86_64-debian-clang 0.5.4 9.30 234.73 244.03 NOTE
r-devel-linux-x86_64-debian-gcc 0.5.4 8.39 175.69 184.08 NOTE
r-devel-linux-x86_64-fedora-clang 0.5.4 298.44 NOTE
r-devel-linux-x86_64-fedora-gcc 0.5.4 324.38 NOTE
r-devel-windows-x86_64 0.5.4 11.00 173.00 184.00 OK
r-patched-linux-x86_64 0.5.4 9.75 228.02 237.77 OK
r-release-linux-x86_64 0.5.4 11.77 228.24 240.01 OK
r-release-macos-arm64 0.5.4 89.00 OK
r-release-macos-x86_64 0.5.4 258.00 OK
r-release-windows-x86_64 0.5.4 12.00 234.00 246.00 OK
r-oldrel-macos-arm64 0.5.4 77.00 OK
r-oldrel-windows-x86_64 0.5.4 14.00 237.00 251.00 OK

Check Details

Version: 0.5.4
Check: Rd files
Result: NOTE checkRd: (-1) EEGwide.Rd:30-33: Lost braces 30 | if(requireNamespace("ggplot2")){ | ^ Flavors: r-devel-linux-x86_64-debian-clang, r-devel-linux-x86_64-debian-gcc, r-devel-linux-x86_64-fedora-clang, r-devel-linux-x86_64-fedora-gcc