Last updated on 2023-11-30 18:49:35 CET.
Flavor | Version | Tinstall | Tcheck | Ttotal | Status | Flags |
---|---|---|---|---|---|---|
r-devel-linux-x86_64-debian-clang | 1.3.7 | 49.13 | 203.51 | 252.64 | NOTE | |
r-devel-linux-x86_64-debian-gcc | 1.3.7 | 35.76 | 150.35 | 186.11 | NOTE | |
r-devel-linux-x86_64-fedora-clang | 1.3.7 | 326.60 | NOTE | |||
r-devel-linux-x86_64-fedora-gcc | 1.3.7 | 321.91 | NOTE | |||
r-devel-windows-x86_64 | 1.3.7 | 37.00 | 200.00 | 237.00 | OK | |
r-patched-linux-x86_64 | 1.3.7 | 30.74 | 191.83 | 222.57 | NOTE | |
r-release-linux-x86_64 | 1.3.7 | 28.15 | 190.47 | 218.62 | NOTE | |
r-release-macos-arm64 | 1.3.7 | 124.00 | OK | |||
r-release-macos-x86_64 | 1.3.7 | 187.00 | OK | |||
r-release-windows-x86_64 | 1.3.7 | 51.00 | 253.00 | 304.00 | OK | |
r-oldrel-macos-arm64 | 1.3.7 | 109.00 | OK | |||
r-oldrel-macos-x86_64 | 1.3.7 | 175.00 | OK | |||
r-oldrel-windows-x86_64 | 1.3.7 | 49.00 | 254.00 | 303.00 | OK |
Version: 1.3.7
Check: for non-standard things in the check directory
Result: NOTE
Found the following files/directories:
‘Data_Correlation.txt’ ‘correlation_FDR_table.txt’
Flavors: r-devel-linux-x86_64-debian-clang, r-devel-linux-x86_64-debian-gcc, r-devel-linux-x86_64-fedora-clang, r-devel-linux-x86_64-fedora-gcc, r-patched-linux-x86_64, r-release-linux-x86_64