CRAN Package Check Results for Package MESS

Last updated on 2024-02-23 18:55:05 CET.

Flavor Version Tinstall Tcheck Ttotal Status Flags
r-devel-linux-x86_64-debian-clang 0.5.12 OK
r-devel-linux-x86_64-debian-gcc 0.5.12 201.04 105.17 306.21 OK
r-devel-linux-x86_64-fedora-clang 0.5.12 602.62 OK
r-devel-linux-x86_64-fedora-gcc 0.5.12 578.70 OK
r-devel-windows-x86_64 0.5.12 195.00 161.00 356.00 OK
r-patched-linux-x86_64 0.5.12 254.58 136.06 390.64 OK
r-release-linux-x86_64 0.5.12 228.39 137.49 365.88 OK
r-release-macos-arm64 0.5.12 120.00 NOTE
r-release-macos-x86_64 0.5.12 182.00 NOTE
r-release-windows-x86_64 0.5.12 256.00 199.00 455.00 OK
r-oldrel-macos-arm64 0.5.12 114.00 NOTE
r-oldrel-windows-x86_64 0.5.12 241.00 183.00 424.00 OK

Check Details

Version: 0.5.12
Check: installed package size
Result: NOTE installed size is 8.6Mb sub-directories of 1Mb or more: data 2.7Mb libs 5.5Mb Flavors: r-release-macos-arm64, r-release-macos-x86_64, r-oldrel-macos-arm64