CRAN Package Check Results for Package MGMS2

Last updated on 2024-02-24 18:54:55 CET.

Flavor Version Tinstall Tcheck Ttotal Status Flags
r-devel-linux-x86_64-debian-clang 1.0.2 4.93 59.00 63.93 NOTE
r-devel-linux-x86_64-debian-gcc 1.0.2 3.76 47.06 50.82 NOTE
r-devel-linux-x86_64-fedora-clang 1.0.2 77.84 NOTE
r-devel-linux-x86_64-fedora-gcc 1.0.2 77.44 NOTE
r-devel-windows-x86_64 1.0.2 5.00 71.00 76.00 NOTE
r-patched-linux-x86_64 1.0.2 4.62 60.58 65.20 NOTE
r-release-linux-x86_64 1.0.2 3.95 60.22 64.17 NOTE
r-release-macos-arm64 1.0.2 33.00 NOTE
r-release-macos-x86_64 1.0.2 49.00 NOTE
r-release-windows-x86_64 1.0.2 6.00 79.00 85.00 NOTE
r-oldrel-macos-arm64 1.0.2 30.00 NOTE
r-oldrel-windows-x86_64 1.0.2 6.00 85.00 91.00 NOTE

Check Details

Version: 1.0.2
Check: LazyData
Result: NOTE 'LazyData' is specified without a 'data' directory Flavors: r-devel-linux-x86_64-debian-clang, r-devel-linux-x86_64-debian-gcc, r-devel-linux-x86_64-fedora-clang, r-devel-linux-x86_64-fedora-gcc, r-devel-windows-x86_64, r-patched-linux-x86_64, r-release-linux-x86_64, r-release-macos-arm64, r-release-macos-x86_64, r-release-windows-x86_64, r-oldrel-macos-arm64, r-oldrel-windows-x86_64