Last updated on 2023-06-02 20:56:31 CEST.
Flavor | Version | Tinstall | Tcheck | Ttotal | Status | Flags |
---|---|---|---|---|---|---|
r-devel-linux-x86_64-debian-clang | 0.1.4 | 141.84 | 146.64 | 288.48 | NOTE | |
r-devel-linux-x86_64-debian-gcc | 0.1.4 | 101.31 | 112.21 | 213.52 | NOTE | |
r-devel-linux-x86_64-fedora-clang | 0.1.4 | 351.11 | NOTE | |||
r-devel-linux-x86_64-fedora-gcc | 0.1.4 | 414.79 | NOTE | |||
r-devel-windows-x86_64 | 0.1.4 | 83.00 | 142.00 | 225.00 | NOTE | |
r-patched-linux-x86_64 | 0.1.4 | NOTE | ||||
r-release-linux-x86_64 | 0.1.4 | 105.95 | 140.78 | 246.73 | NOTE | |
r-release-macos-arm64 | 0.1.4 | 141.00 | NOTE | |||
r-release-macos-x86_64 | 0.1.4 | 168.00 | NOTE | |||
r-release-windows-x86_64 | 0.1.4 | 103.00 | 187.00 | 290.00 | NOTE | |
r-oldrel-macos-arm64 | 0.1.4 | 122.00 | NOTE | |||
r-oldrel-macos-x86_64 | 0.1.4 | 189.00 | NOTE | |||
r-oldrel-windows-x86_64 | 0.1.4 | 92.00 | 178.00 | 270.00 | NOTE |
Version: 0.1.4
Check: package subdirectories
Result: NOTE
Problems with news in ‘NEWS.md’:
No news entries found.
Flavors: r-devel-linux-x86_64-debian-clang, r-devel-linux-x86_64-debian-gcc, r-devel-linux-x86_64-fedora-clang, r-devel-linux-x86_64-fedora-gcc, r-devel-windows-x86_64, r-patched-linux-x86_64, r-release-linux-x86_64, r-release-macos-arm64, r-release-macos-x86_64, r-release-windows-x86_64
Version: 0.1.4
Check: installed package size
Result: NOTE
installed size is 13.6Mb
sub-directories of 1Mb or more:
libs 13.2Mb
Flavors: r-devel-windows-x86_64, r-release-macos-arm64, r-release-macos-x86_64, r-release-windows-x86_64, r-oldrel-macos-arm64, r-oldrel-macos-x86_64, r-oldrel-windows-x86_64