CRAN Package Check Results for Package MLZ

Last updated on 2024-06-13 20:49:17 CEST.

Flavor Version Tinstall Tcheck Ttotal Status Flags
r-devel-linux-x86_64-debian-clang 0.1.4 165.08 148.47 313.55 NOTE
r-devel-linux-x86_64-debian-gcc 0.1.4 0.35 1.66 2.01 ERROR
r-devel-linux-x86_64-fedora-clang 0.1.4 367.93 NOTE
r-devel-linux-x86_64-fedora-gcc 0.1.4 458.39 NOTE
r-devel-windows-x86_64 0.1.4 105.00 149.00 254.00 NOTE
r-patched-linux-x86_64 0.1.4 150.78 148.08 298.86 NOTE
r-release-linux-x86_64 0.1.4 138.44 143.67 282.11 NOTE
r-release-macos-arm64 0.1.4 114.00 NOTE
r-release-macos-x86_64 0.1.4 183.00 NOTE
r-release-windows-x86_64 0.1.4 107.00 150.00 257.00 NOTE
r-oldrel-macos-arm64 0.1.4 141.00 NOTE
r-oldrel-macos-x86_64 0.1.4 168.00 NOTE
r-oldrel-windows-x86_64 0.1.4 132.00 180.00 312.00 NOTE

Additional issues

noRemap

Check Details

Version: 0.1.4
Check: package subdirectories
Result: NOTE Problems with news in ‘NEWS.md’: No news entries found. Flavors: r-devel-linux-x86_64-debian-clang, r-devel-linux-x86_64-fedora-clang, r-devel-linux-x86_64-fedora-gcc, r-devel-windows-x86_64, r-patched-linux-x86_64, r-release-linux-x86_64, r-release-macos-arm64, r-release-macos-x86_64, r-release-windows-x86_64, r-oldrel-macos-arm64, r-oldrel-macos-x86_64, r-oldrel-windows-x86_64

Version: 0.1.4
Check: package dependencies
Result: ERROR Packages required but not available: 'dplyr', 'ggplot2', 'reshape2' See section ‘The DESCRIPTION file’ in the ‘Writing R Extensions’ manual. Flavor: r-devel-linux-x86_64-debian-gcc

Version: 0.1.4
Check: installed package size
Result: NOTE installed size is 13.6Mb sub-directories of 1Mb or more: libs 13.1Mb Flavors: r-devel-windows-x86_64, r-release-macos-arm64, r-release-macos-x86_64, r-release-windows-x86_64, r-oldrel-macos-arm64, r-oldrel-macos-x86_64, r-oldrel-windows-x86_64