CRAN Package Check Results for Package MMD

Last updated on 2024-02-24 18:54:56 CET.

Flavor Version Tinstall Tcheck Ttotal Status Flags
r-devel-linux-x86_64-debian-clang 1.0.0 3.89 70.32 74.21 NOTE
r-devel-linux-x86_64-debian-gcc 1.0.0 2.99 51.80 54.79 NOTE
r-devel-linux-x86_64-fedora-clang 1.0.0 92.61 NOTE
r-devel-linux-x86_64-fedora-gcc 1.0.0 103.64 NOTE
r-devel-windows-x86_64 1.0.0 4.00 68.00 72.00 NOTE
r-patched-linux-x86_64 1.0.0 4.16 67.65 71.81 NOTE
r-release-linux-x86_64 1.0.0 3.96 67.34 71.30 NOTE
r-release-macos-arm64 1.0.0 33.00 NOTE
r-release-macos-x86_64 1.0.0 57.00 NOTE
r-release-windows-x86_64 1.0.0 5.00 80.00 85.00 NOTE
r-oldrel-macos-arm64 1.0.0 29.00 NOTE
r-oldrel-windows-x86_64 1.0.0 5.00 84.00 89.00 NOTE

Check Details

Version: 1.0.0
Check: Rd files
Result: NOTE checkRd: (-1) MMD_attr.Rd:62: Lost braces; missing escapes or markup? 62 | \item Probability of attribution of each unknown individual to each source $p_{u,s}$ | ^ Flavors: r-devel-linux-x86_64-debian-clang, r-devel-linux-x86_64-debian-gcc, r-devel-linux-x86_64-fedora-clang, r-devel-linux-x86_64-fedora-gcc

Version: 1.0.0
Check: LazyData
Result: NOTE 'LazyData' is specified without a 'data' directory Flavors: r-devel-linux-x86_64-debian-clang, r-devel-linux-x86_64-debian-gcc, r-devel-linux-x86_64-fedora-clang, r-devel-linux-x86_64-fedora-gcc, r-devel-windows-x86_64, r-patched-linux-x86_64, r-release-linux-x86_64, r-release-macos-arm64, r-release-macos-x86_64, r-release-windows-x86_64, r-oldrel-macos-arm64, r-oldrel-windows-x86_64