CRAN Package Check Results for Package MNB

Last updated on 2024-06-13 20:49:17 CEST.

Flavor Version Tinstall Tcheck Ttotal Status Flags
r-devel-linux-x86_64-debian-clang 1.1.0 11.54 121.15 132.69 NOTE
r-devel-linux-x86_64-debian-gcc 1.1.0 0.35 1.58 1.93 ERROR
r-devel-linux-x86_64-fedora-clang 1.1.0 162.15 NOTE
r-devel-linux-x86_64-fedora-gcc 1.1.0 154.15 NOTE
r-devel-windows-x86_64 1.1.0 11.00 96.00 107.00 NOTE
r-patched-linux-x86_64 1.1.0 12.70 112.32 125.02 NOTE
r-release-linux-x86_64 1.1.0 7.80 114.00 121.80 NOTE
r-release-macos-arm64 1.1.0 46.00 NOTE
r-release-macos-x86_64 1.1.0 115.00 NOTE
r-release-windows-x86_64 1.1.0 11.00 94.00 105.00 NOTE
r-oldrel-macos-arm64 1.1.0 48.00 OK
r-oldrel-macos-x86_64 1.1.0 82.00 OK
r-oldrel-windows-x86_64 1.1.0 17.00 117.00 134.00 OK

Check Details

Version: 1.1.0
Check: Rd files
Result: NOTE checkRd: (-1) rMNB.Rd:23: Lost braces; missing escapes or markup? 23 | It simulates a multivariate response variable, Y_{ij}, that is jth measurement | ^ Flavors: r-devel-linux-x86_64-debian-clang, r-devel-linux-x86_64-fedora-clang, r-devel-linux-x86_64-fedora-gcc, r-devel-windows-x86_64, r-patched-linux-x86_64, r-release-linux-x86_64, r-release-macos-arm64, r-release-macos-x86_64, r-release-windows-x86_64

Version: 1.1.0
Check: package dependencies
Result: ERROR Package required but not available: ‘flexsurv’ See section ‘The DESCRIPTION file’ in the ‘Writing R Extensions’ manual. Flavor: r-devel-linux-x86_64-debian-gcc