CRAN Package Check Results for Package MNB

Last updated on 2023-12-02 18:53:48 CET.

Flavor Version Tinstall Tcheck Ttotal Status Flags
r-devel-linux-x86_64-debian-clang 1.1.0 14.47 122.57 137.04 NOTE
r-devel-linux-x86_64-debian-gcc 1.1.0 9.37 88.25 97.62 NOTE
r-devel-linux-x86_64-fedora-clang 1.1.0 160.48 OK
r-devel-linux-x86_64-fedora-gcc 1.1.0 153.40 OK
r-devel-windows-x86_64 1.1.0 10.00 98.00 108.00 OK
r-patched-linux-x86_64 1.1.0 8.03 113.91 121.94 OK
r-release-linux-x86_64 1.1.0 8.01 114.27 122.28 OK
r-release-macos-arm64 1.1.0 48.00 OK
r-release-macos-x86_64 1.1.0 82.00 OK
r-release-windows-x86_64 1.1.0 16.00 117.00 133.00 OK
r-oldrel-macos-arm64 1.1.0 46.00 OK
r-oldrel-macos-x86_64 1.1.0 63.00 OK
r-oldrel-windows-x86_64 1.1.0 15.00 124.00 139.00 OK

Check Details

Version: 1.1.0
Check: Rd files
Result: NOTE checkRd: (-1) rMNB.Rd:23: Lost braces; missing escapes or markup? 23 | It simulates a multivariate response variable, Y_{ij}, that is jth measurement | ^ Flavors: r-devel-linux-x86_64-debian-clang, r-devel-linux-x86_64-debian-gcc