CRAN Package Check Results for Package MNLpred

Last updated on 2024-07-21 20:51:04 CEST.

Flavor Version Tinstall Tcheck Ttotal Status Flags
r-devel-linux-x86_64-debian-clang 0.0.8 2.05 48.56 50.61 OK
r-devel-linux-x86_64-debian-gcc 0.0.8 1.97 36.38 38.35 NOTE
r-devel-linux-x86_64-fedora-clang 0.0.8 65.04 OK
r-devel-linux-x86_64-fedora-gcc 0.0.8 76.26 OK
r-devel-windows-x86_64 0.0.8 3.00 61.00 64.00 NOTE
r-patched-linux-x86_64 0.0.8 2.37 45.22 47.59 OK
r-release-linux-x86_64 0.0.8 2.38 46.83 49.21 OK
r-release-macos-arm64 0.0.8 28.00 OK
r-release-macos-x86_64 0.0.8 63.00 OK
r-release-windows-x86_64 0.0.8 3.00 59.00 62.00 OK
r-oldrel-macos-arm64 0.0.8 26.00 OK
r-oldrel-macos-x86_64 0.0.8 44.00 OK
r-oldrel-windows-x86_64 0.0.8 3.00 63.00 66.00 OK

Check Details

Version: 0.0.8
Check: Rd cross-references
Result: NOTE Found the following Rd file(s) with Rd \link{} targets missing package anchors: mnl_fd2_ova.Rd: multinom, nnet mnl_fd_ova.Rd: multinom, nnet mnl_pred_ova.Rd: multinom, nnet Please provide package anchors for all Rd \link{} targets not in the package itself and the base packages. Flavors: r-devel-linux-x86_64-debian-gcc, r-devel-windows-x86_64