CRAN Package Check Results for Package MPDiR

Last updated on 2024-02-20 18:49:28 CET.

Flavor Version Tinstall Tcheck Ttotal Status Flags
r-devel-linux-x86_64-debian-clang 0.2 NOTE
r-devel-linux-x86_64-debian-gcc 0.2 2.08 21.04 23.12 NOTE
r-devel-linux-x86_64-fedora-clang 0.2 36.55 NOTE
r-devel-linux-x86_64-fedora-gcc 0.2 35.58 OK
r-devel-windows-x86_64 0.2 3.00 46.00 49.00 OK
r-patched-linux-x86_64 0.2 2.66 27.01 29.67 OK
r-release-linux-x86_64 0.2 2.52 26.31 28.83 OK
r-release-macos-arm64 0.2 18.00 OK
r-release-macos-x86_64 0.2 33.00 OK
r-release-windows-x86_64 0.2 3.00 48.00 51.00 OK
r-oldrel-macos-arm64 0.2 20.00 OK
r-oldrel-windows-x86_64 0.2 4.00 49.00 53.00 OK

Check Details

Version: 0.2
Check: Rd files
Result: NOTE checkRd: (-1) thresh.est.Rd:16: Lost braces 16 | Calculates the stimulus level(s) for a probit model of a psychometric function for given levels of performance. For a more general version, see \link[MASS]{dose.p} in pkg{MASS}. | ^ Flavors: r-devel-linux-x86_64-debian-clang, r-devel-linux-x86_64-debian-gcc

Version: 0.2
Check: Rd cross-references
Result: NOTE Undeclared package ‘lme4’ in Rd xrefs Flavor: r-devel-linux-x86_64-fedora-clang