CRAN Package Check Results for Package MSwM

Last updated on 2024-02-24 18:54:56 CET.

Flavor Version Tinstall Tcheck Ttotal Status Flags
r-devel-linux-x86_64-debian-clang 1.5 7.79 30.45 38.24 NOTE
r-devel-linux-x86_64-debian-gcc 1.5 7.86 25.59 33.45 NOTE
r-devel-linux-x86_64-fedora-clang 1.5 93.17 NOTE
r-devel-linux-x86_64-fedora-gcc 1.5 102.49 NOTE
r-devel-windows-x86_64 1.5 9.00 74.00 83.00 OK
r-patched-linux-x86_64 1.5 9.33 30.19 39.52 OK
r-release-linux-x86_64 1.5 7.83 29.74 37.57 OK
r-release-macos-arm64 1.5 39.00 OK
r-release-macos-x86_64 1.5 59.00 OK
r-release-windows-x86_64 1.5 13.00 78.00 91.00 OK
r-oldrel-macos-arm64 1.5 30.00 OK
r-oldrel-windows-x86_64 1.5 15.00 82.00 97.00 OK

Check Details

Version: 1.5
Check: Rd files
Result: NOTE checkRd: (-1) msmFit.Rd:30: Lost braces 30 | -\code{trace}{: A logical value. If it is TRUE, tracing information on the progress of the optimization is produced.} | ^ checkRd: (-1) msmFit.Rd:32: Lost braces 32 | -\code{maxiter}{: The maximum number of iterations in the EM method. Default is 100.} | ^ checkRd: (-1) msmFit.Rd:34: Lost braces 34 | -\code{tol}{: Tolerance. The algorithm stops if it is unable to reduce the value by a factor of \code{tol} at a step. Default is 1e-8.} | ^ checkRd: (-1) msmFit.Rd:36: Lost braces 36 | -\code{maxiterOuter}{: The number of short runs of the EM method to stablish the initial values. Default is 5} | ^ checkRd: (-1) msmFit.Rd:38: Lost braces 38 | -\code{maxiterInner}{: The number of iterations in the EM method in each short run to stablish the initial values. Default is 10} | ^ checkRd: (-1) msmFit.Rd:40: Lost braces 40 | -\code{parallelization}{: A logical value. Whether the process is done by using parallelization or not. Default is TRUE.} | ^ checkRd: (-1) plotDiag.Rd:33: Lost braces 33 | - \code{1}{: represents the plot of residuals against fitted values. } | ^ checkRd: (-1) plotDiag.Rd:35: Lost braces 35 | - \code{2}{: represents the Normal Q-Q plot. } | ^ checkRd: (-1) plotDiag.Rd:37: Lost braces 37 | - \code{3}{: represents the ACF/PACF of residuals and ACF/PACF of square residuals. } | ^ checkRd: (-1) plotProb.Rd:29: Lost braces 29 | -\code{1}{: represents the plots that contains, for each regime, its smoothed and filtered probabilities.}. | ^ checkRd: (-1) plotProb.Rd:31: Lost braces 31 | -\code{2:(number of regimes +1)}{: represents plot of the regime minus one with the response variable against the smoothed probabilities.} | ^ Flavors: r-devel-linux-x86_64-debian-clang, r-devel-linux-x86_64-debian-gcc, r-devel-linux-x86_64-fedora-clang, r-devel-linux-x86_64-fedora-gcc