CRAN Package Check Results for Package MUACz

Last updated on 2023-12-07 18:49:34 CET.

Flavor Version Tinstall Tcheck Ttotal Status Flags
r-devel-linux-x86_64-debian-clang 2.1.0 11.57 101.04 112.61 NOTE
r-devel-linux-x86_64-debian-gcc 2.1.0 10.15 73.78 83.93 NOTE
r-devel-linux-x86_64-fedora-clang 2.1.0 134.46 NOTE
r-devel-linux-x86_64-fedora-gcc 2.1.0 126.60 NOTE
r-devel-windows-x86_64 2.1.0 11.00 85.00 96.00 NOTE
r-patched-linux-x86_64 2.1.0 13.60 93.16 106.76 NOTE
r-release-linux-x86_64 2.1.0 12.19 93.68 105.87 NOTE
r-release-macos-arm64 2.1.0 47.00 NOTE
r-release-macos-x86_64 2.1.0 61.00 NOTE
r-release-windows-x86_64 2.1.0 14.00 98.00 112.00 NOTE
r-oldrel-macos-arm64 2.1.0 41.00 NOTE
r-oldrel-macos-x86_64 2.1.0 73.00 NOTE
r-oldrel-windows-x86_64 2.1.0 15.00 103.00 118.00 NOTE

Check Details

Version: 2.1.0
Check: LazyData
Result: NOTE 'LazyData' is specified without a 'data' directory Flavors: r-devel-linux-x86_64-debian-clang, r-devel-linux-x86_64-debian-gcc, r-devel-linux-x86_64-fedora-clang, r-devel-linux-x86_64-fedora-gcc, r-devel-windows-x86_64, r-patched-linux-x86_64, r-release-linux-x86_64, r-release-macos-arm64, r-release-macos-x86_64, r-release-windows-x86_64, r-oldrel-macos-arm64, r-oldrel-macos-x86_64, r-oldrel-windows-x86_64