Last updated on 2023-12-09 18:54:24 CET.
Flavor | Version | Tinstall | Tcheck | Ttotal | Status | Flags |
---|---|---|---|---|---|---|
r-devel-linux-x86_64-debian-clang | 1.5.5 | 85.74 | 603.43 | 689.17 | NOTE | |
r-devel-linux-x86_64-debian-gcc | 1.5.5 | 73.18 | 437.51 | 510.69 | NOTE | |
r-devel-linux-x86_64-fedora-clang | 1.5.5 | 922.18 | NOTE | |||
r-devel-linux-x86_64-fedora-gcc | 1.5.5 | 847.40 | NOTE | |||
r-devel-windows-x86_64 | 1.5.5 | 74.00 | 480.00 | 554.00 | OK | |
r-patched-linux-x86_64 | 1.5.5 | 80.22 | 586.79 | 667.01 | OK | |
r-release-linux-x86_64 | 1.5.5 | 64.01 | 581.58 | 645.59 | OK | |
r-release-macos-arm64 | 1.5.5 | 208.00 | OK | |||
r-release-macos-x86_64 | 1.5.5 | 363.00 | OK | |||
r-release-windows-x86_64 | 1.5.5 | 108.00 | 595.00 | 703.00 | OK | |
r-oldrel-macos-arm64 | 1.5.5 | 137.00 | NOTE | |||
r-oldrel-macos-x86_64 | 1.5.5 | 245.00 | NOTE | |||
r-oldrel-windows-x86_64 | 1.5.5 | 103.00 | 567.00 | 670.00 | OK |
Version: 1.5.5
Check: Rd files
Result: NOTE
checkRd: (-1) bbc.Rd:39: Lost braces
39 | The "nbdev.mxm" (negative binomial deviance) is missing. For more information on these see \code{\link{cv.ses}}. bold{Note} that they come with "".
| ^
checkRd: (-1) cv.fbed.lmm.reg.Rd:32: Lost braces; missing escapes or markup?
32 | The folds of the data to use (a list generated by the function generateCVRuns {TunePareto}). If NULL the folds are created internally with the same function.
| ^
checkRd: (-1) cv.gomp.Rd:29: Lost braces; missing escapes or markup?
29 | The folds of the data to use (a list generated by the function generateCVRuns {TunePareto}). If NULL the folds are created internally with the same function.
| ^
checkRd: (-1) cv.ses.Rd:94: Lost braces; missing escapes or markup?
94 | The folds of the data to use (a list generated by the function generateCVRuns {TunePareto}). If NULL the folds are created internally with the same function.
| ^
Flavors: r-devel-linux-x86_64-debian-clang, r-devel-linux-x86_64-debian-gcc
Version: 1.5.5
Check: dependencies in R code
Result: NOTE
Namespace in Imports field not imported from: ‘knitr’
All declared Imports should be used.
Flavors: r-devel-linux-x86_64-fedora-clang, r-devel-linux-x86_64-fedora-gcc, r-oldrel-macos-arm64, r-oldrel-macos-x86_64