CRAN Package Check Results for Package MetaAnalyser

Last updated on 2024-06-13 20:49:16 CEST.

Flavor Version Tinstall Tcheck Ttotal Status Flags
r-devel-linux-x86_64-debian-clang 0.2.1 5.62 52.41 58.03 OK
r-devel-linux-x86_64-debian-gcc 0.2.1 0.35 1.72 2.07 ERROR
r-devel-linux-x86_64-fedora-clang 0.2.1 74.02 OK
r-devel-linux-x86_64-fedora-gcc 0.2.1 75.18 OK
r-devel-windows-x86_64 0.2.1 7.00 58.00 65.00 OK
r-patched-linux-x86_64 0.2.1 6.70 50.25 56.95 OK
r-release-linux-x86_64 0.2.1 4.82 52.21 57.03 OK
r-release-macos-arm64 0.2.1 22.00 OK
r-release-macos-x86_64 0.2.1 47.00 OK
r-release-windows-x86_64 0.2.1 7.00 60.00 67.00 OK
r-oldrel-macos-arm64 0.2.1 27.00 OK
r-oldrel-macos-x86_64 0.2.1 36.00 OK
r-oldrel-windows-x86_64 0.2.1 8.00 67.00 75.00 OK

Check Details

Version: 0.2.1
Check: package dependencies
Result: ERROR Package required but not available: ‘ggvis’ See section ‘The DESCRIPTION file’ in the ‘Writing R Extensions’ manual. Flavor: r-devel-linux-x86_64-debian-gcc