Last updated on 2023-06-02 20:56:30 CEST.
Flavor | Version | Tinstall | Tcheck | Ttotal | Status | Flags |
---|---|---|---|---|---|---|
r-devel-linux-x86_64-debian-clang | 1.1.2 | 5.64 | 75.72 | 81.36 | NOTE | |
r-devel-linux-x86_64-debian-gcc | 1.1.2 | 5.47 | 54.36 | 59.83 | NOTE | |
r-devel-linux-x86_64-fedora-clang | 1.1.2 | 102.34 | NOTE | |||
r-devel-linux-x86_64-fedora-gcc | 1.1.2 | 103.23 | NOTE | |||
r-devel-windows-x86_64 | 1.1.2 | 7.00 | 74.00 | 81.00 | NOTE | |
r-patched-linux-x86_64 | 1.1.2 | NOTE | ||||
r-release-linux-x86_64 | 1.1.2 | 5.94 | 68.14 | 74.08 | NOTE | |
r-release-macos-arm64 | 1.1.2 | 40.00 | NOTE | |||
r-release-macos-x86_64 | 1.1.2 | 45.00 | NOTE | |||
r-release-windows-x86_64 | 1.1.2 | 9.00 | 88.00 | 97.00 | NOTE | |
r-oldrel-macos-arm64 | 1.1.2 | 28.00 | NOTE | |||
r-oldrel-macos-x86_64 | 1.1.2 | 55.00 | NOTE | |||
r-oldrel-windows-x86_64 | 1.1.2 | 9.00 | 86.00 | 95.00 | NOTE |
Version: 1.1.2
Check: LazyData
Result: NOTE
'LazyData' is specified without a 'data' directory
Flavors: r-devel-linux-x86_64-debian-clang, r-devel-linux-x86_64-debian-gcc, r-devel-linux-x86_64-fedora-clang, r-devel-linux-x86_64-fedora-gcc, r-devel-windows-x86_64, r-patched-linux-x86_64, r-release-linux-x86_64, r-release-macos-arm64, r-release-macos-x86_64, r-release-windows-x86_64, r-oldrel-macos-arm64, r-oldrel-macos-x86_64, r-oldrel-windows-x86_64