CRAN Package Check Results for Package MetaIntegration

Last updated on 2024-06-20 20:49:14 CEST.

Flavor Version Tinstall Tcheck Ttotal Status Flags
r-devel-linux-x86_64-debian-clang 0.1.2 3.89 47.37 51.26 NOTE
r-devel-linux-x86_64-debian-gcc 0.1.2 2.77 33.87 36.64 NOTE
r-devel-linux-x86_64-fedora-clang 0.1.2 61.50 NOTE
r-devel-linux-x86_64-fedora-gcc 0.1.2 58.17 NOTE
r-devel-windows-x86_64 0.1.2 4.00 60.00 64.00 NOTE
r-patched-linux-x86_64 0.1.2 3.95 44.53 48.48 NOTE
r-release-linux-x86_64 0.1.2 3.41 43.71 47.12 NOTE
r-release-macos-arm64 0.1.2 22.00 NOTE
r-release-macos-x86_64 0.1.2 32.00 NOTE
r-release-windows-x86_64 0.1.2 4.00 61.00 65.00 NOTE
r-oldrel-macos-arm64 0.1.2 22.00 NOTE
r-oldrel-macos-x86_64 0.1.2 33.00 NOTE
r-oldrel-windows-x86_64 0.1.2 5.00 63.00 68.00 NOTE

Check Details

Version: 0.1.2
Check: Rd files
Result: NOTE checkRd: (-1) asympVar_LinReg.Rd:52: Lost braces in \itemize; \value handles \item{}{} directly checkRd: (-1) asympVar_LinReg.Rd:53: Lost braces in \itemize; \value handles \item{}{} directly checkRd: (-1) asympVar_LinReg.Rd:54: Lost braces in \itemize; \value handles \item{}{} directly checkRd: (-1) asympVar_LinReg.Rd:55: Lost braces in \itemize; \value handles \item{}{} directly checkRd: (-1) asympVar_LinReg.Rd:56: Lost braces in \itemize; \value handles \item{}{} directly checkRd: (-1) asympVar_LogReg.Rd:55: Lost braces in \itemize; \value handles \item{}{} directly checkRd: (-1) asympVar_LogReg.Rd:56: Lost braces in \itemize; \value handles \item{}{} directly checkRd: (-1) asympVar_LogReg.Rd:57: Lost braces in \itemize; \value handles \item{}{} directly checkRd: (-1) asympVar_LogReg.Rd:58: Lost braces in \itemize; \value handles \item{}{} directly checkRd: (-1) asympVar_LogReg.Rd:59: Lost braces in \itemize; \value handles \item{}{} directly checkRd: (-1) get_gamma_EB.Rd:19: Lost braces in \itemize; \value handles \item{}{} directly checkRd: (-1) get_gamma_EB.Rd:20: Lost braces in \itemize; \value handles \item{}{} directly checkRd: (-1) get_gamma_EB.Rd:21: Lost braces in \itemize; \value handles \item{}{} directly Flavors: r-devel-linux-x86_64-debian-clang, r-devel-linux-x86_64-debian-gcc, r-devel-linux-x86_64-fedora-clang, r-devel-linux-x86_64-fedora-gcc, r-devel-windows-x86_64, r-patched-linux-x86_64, r-release-linux-x86_64, r-release-macos-arm64, r-release-macos-x86_64, r-release-windows-x86_64

Version: 0.1.2
Check: LazyData
Result: NOTE 'LazyData' is specified without a 'data' directory Flavors: r-devel-linux-x86_64-debian-clang, r-devel-linux-x86_64-debian-gcc, r-devel-linux-x86_64-fedora-clang, r-devel-linux-x86_64-fedora-gcc, r-devel-windows-x86_64, r-patched-linux-x86_64, r-release-linux-x86_64, r-release-macos-arm64, r-release-macos-x86_64, r-release-windows-x86_64, r-oldrel-macos-arm64, r-oldrel-macos-x86_64, r-oldrel-windows-x86_64

Version: 0.1.2
Check: dependencies in R code
Result: NOTE Namespace in Imports field not imported from: ‘knitr’ All declared Imports should be used. Flavors: r-devel-linux-x86_64-fedora-clang, r-devel-linux-x86_64-fedora-gcc