CRAN Package Check Results for Package MetaLandSim

Last updated on 2024-02-25 18:51:29 CET.

Flavor Version Tinstall Tcheck Ttotal Status Flags
r-devel-linux-x86_64-debian-clang 2.0.0 34.03 423.75 457.78 NOTE
r-devel-linux-x86_64-debian-gcc 2.0.0 32.80 307.68 340.48 NOTE
r-devel-linux-x86_64-fedora-clang 2.0.0 593.63 NOTE
r-devel-linux-x86_64-fedora-gcc 2.0.0 588.64 NOTE
r-devel-windows-x86_64 2.0.0 31.00 302.00 333.00 NOTE
r-patched-linux-x86_64 2.0.0 46.64 408.64 455.28 OK
r-release-linux-x86_64 2.0.0 46.04 407.54 453.58 OK
r-release-macos-arm64 2.0.0 157.00 NOTE
r-release-macos-x86_64 2.0.0 293.00 NOTE
r-release-windows-x86_64 2.0.0 42.00 406.00 448.00 NOTE
r-oldrel-macos-arm64 2.0.0 133.00 NOTE
r-oldrel-windows-x86_64 2.0.0 45.00 387.00 432.00 NOTE

Check Details

Version: 2.0.0
Check: Rd files
Result: NOTE checkRd: (-1) rland.graph.Rd:27: Lost braces in \itemize; \value handles \item{}{} directly checkRd: (-1) rland.graph.Rd:28: Lost braces in \itemize; \value handles \item{}{} directly checkRd: (-1) rland.graph.Rd:29: Lost braces in \itemize; \value handles \item{}{} directly checkRd: (-1) rland.graph.Rd:30: Lost braces in \itemize; \value handles \item{}{} directly checkRd: (-1) rland.graph.Rd:31: Lost braces in \itemize; \value handles \item{}{} directly checkRd: (-1) rland.graph.Rd:32: Lost braces in \itemize; \value handles \item{}{} directly checkRd: (-1) rland.graph.Rd:33-34: Lost braces in \itemize; \value handles \item{}{} directly Flavors: r-devel-linux-x86_64-debian-clang, r-devel-linux-x86_64-debian-gcc, r-devel-linux-x86_64-fedora-clang, r-devel-linux-x86_64-fedora-gcc

Version: 2.0.0
Check: installed package size
Result: NOTE installed size is 14.4Mb sub-directories of 1Mb or more: data 3.0Mb examples 10.3Mb Flavors: r-devel-linux-x86_64-fedora-clang, r-devel-windows-x86_64, r-release-macos-arm64, r-release-macos-x86_64, r-release-windows-x86_64, r-oldrel-macos-arm64, r-oldrel-windows-x86_64