CRAN Package Check Results for Package MetaUtility

Last updated on 2023-12-04 18:52:21 CET.

Flavor Version Tinstall Tcheck Ttotal Status Flags
r-devel-linux-x86_64-debian-clang 2.1.2 12.88 118.18 131.06 OK
r-devel-linux-x86_64-debian-gcc 2.1.2 12.98 86.06 99.04 OK
r-devel-linux-x86_64-fedora-clang 2.1.2 161.75 NOTE
r-devel-linux-x86_64-fedora-gcc 2.1.2 154.54 NOTE
r-devel-windows-x86_64 2.1.2 13.00 98.00 111.00 OK
r-patched-linux-x86_64 2.1.2 10.34 112.03 122.37 OK
r-release-linux-x86_64 2.1.2 10.90 109.68 120.58 OK
r-release-macos-arm64 2.1.2 47.00 OK
r-release-macos-x86_64 2.1.2 76.00 OK
r-release-windows-x86_64 2.1.2 17.00 124.00 141.00 OK
r-oldrel-macos-arm64 2.1.2 40.00 NOTE
r-oldrel-macos-x86_64 2.1.2 83.00 NOTE
r-oldrel-windows-x86_64 2.1.2 19.00 117.00 136.00 OK

Check Details

Version: 2.1.2
Check: dependencies in R code
Result: NOTE Namespace in Imports field not imported from: ‘metadat’ All declared Imports should be used. Flavors: r-devel-linux-x86_64-fedora-clang, r-devel-linux-x86_64-fedora-gcc, r-oldrel-macos-arm64, r-oldrel-macos-x86_64