CRAN Package Check Results for Package MetabolicSurv

Last updated on 2023-11-30 18:49:36 CET.

Flavor Version Tinstall Tcheck Ttotal Status Flags
r-devel-linux-x86_64-debian-clang 1.1.2 20.26 170.30 190.56 NOTE
r-devel-linux-x86_64-debian-gcc 1.1.2 16.02 124.97 140.99 NOTE
r-devel-linux-x86_64-fedora-clang 1.1.2 234.27 OK
r-devel-linux-x86_64-fedora-gcc 1.1.2 230.89 OK
r-devel-windows-x86_64 1.1.2 18.00 155.00 173.00 OK
r-patched-linux-x86_64 1.1.2 17.87 158.95 176.82 OK
r-release-linux-x86_64 1.1.2 15.75 158.93 174.68 OK
r-release-macos-arm64 1.1.2 79.00 OK
r-release-macos-x86_64 1.1.2 120.00 OK
r-release-windows-x86_64 1.1.2 24.00 166.00 190.00 OK
r-oldrel-macos-arm64 1.1.2 73.00 OK
r-oldrel-macos-x86_64 1.1.2 111.00 OK
r-oldrel-windows-x86_64 1.1.2 24.00 184.00 208.00 OK

Check Details

Version: 1.1.2
Check: Rd files
Result: NOTE checkRd: (-1) CVLasoelacox.Rd:68-69: Lost braces in \itemize; \value handles \item{}{} directly checkRd: (-1) CVLasoelacox.Rd:70-71: Lost braces in \itemize; \value handles \item{}{} directly checkRd: (-1) CVLasoelacox.Rd:72: Lost braces in \itemize; \value handles \item{}{} directly checkRd: (-1) CVLasoelacox.Rd:73: Lost braces in \itemize; \value handles \item{}{} directly checkRd: (-1) CVLasoelacox.Rd:74-76: Lost braces in \itemize; \value handles \item{}{} directly checkRd: (-1) CVLasoelacox.Rd:77-79: Lost braces in \itemize; \value handles \item{}{} directly checkRd: (-1) CVLasoelacox.Rd:80-81: Lost braces in \itemize; \value handles \item{}{} directly checkRd: (-1) CVLasoelacox.Rd:82-85: Lost braces in \itemize; \value handles \item{}{} directly checkRd: (-1) CVLasoelacox.Rd:86-87: Lost braces in \itemize; \value handles \item{}{} directly Flavors: r-devel-linux-x86_64-debian-clang, r-devel-linux-x86_64-debian-gcc