Last updated on 2023-12-09 18:54:23 CET.
Flavor | Version | Tinstall | Tcheck | Ttotal | Status | Flags |
---|---|---|---|---|---|---|
r-devel-linux-x86_64-debian-clang | 1.4 | 22.32 | 175.24 | 197.56 | NOTE | |
r-devel-linux-x86_64-debian-gcc | 1.4 | 18.03 | 130.37 | 148.40 | NOTE | |
r-devel-linux-x86_64-fedora-clang | 1.4 | 258.30 | NOTE | |||
r-devel-linux-x86_64-fedora-gcc | 1.4 | 229.32 | NOTE | |||
r-devel-windows-x86_64 | 1.4 | 22.00 | 166.00 | 188.00 | NOTE | |
r-patched-linux-x86_64 | 1.4 | 18.95 | 168.66 | 187.61 | OK | |
r-release-linux-x86_64 | 1.4 | 16.88 | 165.48 | 182.36 | OK | |
r-release-macos-arm64 | 1.4 | 70.00 | OK | |||
r-release-macos-x86_64 | 1.4 | 116.00 | OK | |||
r-release-windows-x86_64 | 1.4 | 26.00 | 205.00 | 231.00 | OK | |
r-oldrel-macos-arm64 | 1.4 | 73.00 | OK | |||
r-oldrel-macos-x86_64 | 1.4 | 90.00 | OK | |||
r-oldrel-windows-x86_64 | 1.4 | 29.00 | 191.00 | 220.00 | OK |
Version: 1.4
Check: Rd \usage sections
Result: NOTE
Documented arguments not in \usage in Rd file 'getvol.Rd':
‘data’
Functions with \usage entries need to have the appropriate \alias
entries, and all their arguments documented.
The \usage entries must correspond to syntactically valid R code.
See chapter ‘Writing R documentation files’ in the ‘Writing R
Extensions’ manual.
Flavors: r-devel-linux-x86_64-debian-clang, r-devel-linux-x86_64-debian-gcc, r-devel-linux-x86_64-fedora-clang, r-devel-linux-x86_64-fedora-gcc, r-devel-windows-x86_64