Last updated on 2023-06-05 20:57:44 CEST.
Flavor | Version | Tinstall | Tcheck | Ttotal | Status | Flags |
---|---|---|---|---|---|---|
r-devel-linux-x86_64-debian-clang | 0.1.0 | 5.13 | 395.74 | 400.87 | OK | |
r-devel-linux-x86_64-debian-gcc | 0.1.0 | 4.15 | 304.96 | 309.11 | OK | |
r-devel-linux-x86_64-fedora-clang | 0.1.0 | 439.63 | NOTE | |||
r-devel-linux-x86_64-fedora-gcc | 0.1.0 | 480.07 | NOTE | |||
r-devel-windows-x86_64 | 0.1.0 | 9.00 | 307.00 | 316.00 | OK | |
r-patched-linux-x86_64 | 0.1.0 | 7.06 | 388.54 | 395.60 | OK | |
r-release-linux-x86_64 | 0.1.0 | 6.09 | 386.21 | 392.30 | OK | |
r-release-macos-arm64 | 0.1.0 | 166.00 | NOTE | |||
r-release-macos-x86_64 | 0.1.0 | 297.00 | NOTE | |||
r-release-windows-x86_64 | 0.1.0 | 8.00 | 334.00 | 342.00 | OK | |
r-oldrel-macos-arm64 | 0.1.0 | 138.00 | NOTE | |||
r-oldrel-macos-x86_64 | 0.1.0 | 376.00 | NOTE | |||
r-oldrel-windows-x86_64 | 0.1.0 | 8.00 | 327.00 | 335.00 | OK |
Version: 0.1.0
Check: package dependencies
Result: NOTE
Packages suggested but not available for checking:
'karyoploteR', 'regioneR'
Flavors: r-devel-linux-x86_64-fedora-clang, r-devel-linux-x86_64-fedora-gcc, r-release-macos-arm64, r-oldrel-macos-arm64
Version: 0.1.0
Check: package dependencies
Result: NOTE
Packages suggested but not available for checking:
'clustree', 'karyoploteR', 'regioneR'
Flavor: r-release-macos-x86_64
Version: 0.1.0
Check: package dependencies
Result: NOTE
Package suggested but not available for checking: ‘karyoploteR’
Flavor: r-oldrel-macos-x86_64