CRAN Package Check Results for Package Mmcsd

Last updated on 2024-06-13 20:49:17 CEST.

Flavor Version Tinstall Tcheck Ttotal Status Flags
r-devel-linux-x86_64-debian-clang 1.0.0 4.06 156.06 160.12 OK
r-devel-linux-x86_64-debian-gcc 1.0.0 0.45 1.85 2.30 ERROR
r-devel-linux-x86_64-fedora-clang 1.0.0 193.77 OK
r-devel-linux-x86_64-fedora-gcc 1.0.0 201.30 OK
r-devel-windows-x86_64 1.0.0 5.00 142.00 147.00 OK
r-patched-linux-x86_64 1.0.0 4.44 143.69 148.13 OK
r-release-linux-x86_64 1.0.0 2.69 143.02 145.71 OK
r-release-macos-arm64 1.0.0 63.00 OK
r-release-macos-x86_64 1.0.0 115.00 OK
r-release-windows-x86_64 1.0.0 5.00 149.00 154.00 OK
r-oldrel-macos-arm64 1.0.0 64.00 OK
r-oldrel-macos-x86_64 1.0.0 97.00 OK
r-oldrel-windows-x86_64 1.0.0 6.00 151.00 157.00 OK

Check Details

Version: 1.0.0
Check: package dependencies
Result: ERROR Packages required but not available: 'dplyr', 'purrr', 'tibble', 'tidyr' Packages suggested but not available for checking: 'kableExtra', 'tidyverse' See section ‘The DESCRIPTION file’ in the ‘Writing R Extensions’ manual. Flavor: r-devel-linux-x86_64-debian-gcc