Last updated on 2023-05-31 20:57:14 CEST.
Flavor | Version | Tinstall | Tcheck | Ttotal | Status | Flags |
---|---|---|---|---|---|---|
r-devel-linux-x86_64-debian-clang | 1.0.1 | 5.50 | 64.19 | 69.69 | OK | |
r-devel-linux-x86_64-debian-gcc | 1.0.1 | 4.85 | 48.24 | 53.09 | OK | |
r-devel-linux-x86_64-fedora-clang | 1.0.1 | 87.82 | NOTE | |||
r-devel-linux-x86_64-fedora-gcc | 1.0.1 | 104.68 | NOTE | |||
r-devel-windows-x86_64 | 1.0.1 | 9.00 | 351.00 | 360.00 | OK | |
r-patched-linux-x86_64 | 1.0.1 | OK | ||||
r-release-linux-x86_64 | 1.0.1 | 6.05 | 60.73 | 66.78 | OK | |
r-release-macos-arm64 | 1.0.1 | 177.00 | OK | |||
r-release-macos-x86_64 | 1.0.1 | 284.00 | OK | |||
r-release-windows-x86_64 | 1.0.1 | 9.00 | 415.00 | 424.00 | OK | |
r-oldrel-macos-arm64 | 1.0.1 | 113.00 | NOTE | |||
r-oldrel-macos-x86_64 | 1.0.1 | 226.00 | NOTE | |||
r-oldrel-windows-x86_64 | 1.0.1 | 11.00 | 330.00 | 341.00 | OK |
Version: 1.0.1
Check: data for non-ASCII characters
Result: NOTE
Note: found 16 marked UTF-8 strings
Flavors: r-devel-linux-x86_64-fedora-clang, r-devel-linux-x86_64-fedora-gcc, r-oldrel-macos-arm64, r-oldrel-macos-x86_64