Last updated on 2023-11-28 18:49:24 CET.
Flavor | Version | Tinstall | Tcheck | Ttotal | Status | Flags |
---|---|---|---|---|---|---|
r-devel-linux-x86_64-debian-clang | 1.1.0 | 44.72 | 154.36 | 199.08 | NOTE | |
r-devel-linux-x86_64-debian-gcc | 1.1.0 | 37.40 | 112.41 | 149.81 | NOTE | |
r-devel-linux-x86_64-fedora-clang | 1.1.0 | 252.56 | NOTE | |||
r-devel-linux-x86_64-fedora-gcc | 1.1.0 | 252.89 | NOTE | |||
r-devel-windows-x86_64 | 1.1.0 | 36.00 | 159.00 | 195.00 | NOTE | |
r-patched-linux-x86_64 | 1.1.0 | 49.50 | 143.12 | 192.62 | OK | |
r-release-linux-x86_64 | 1.1.0 | 43.76 | 141.96 | 185.72 | OK | |
r-release-macos-arm64 | 1.1.0 | 72.00 | NOTE | |||
r-release-macos-x86_64 | 1.1.0 | 127.00 | NOTE | |||
r-release-windows-x86_64 | 1.1.0 | 54.00 | 189.00 | 243.00 | OK | |
r-oldrel-macos-arm64 | 1.1.0 | 54.00 | NOTE | |||
r-oldrel-macos-x86_64 | 1.1.0 | 86.00 | OK | |||
r-oldrel-windows-x86_64 | 1.1.0 | 54.00 | 160.00 | 214.00 | OK |
Version: 1.1.0
Check: Rd \usage sections
Result: NOTE
Documented arguments not in \usage in Rd file 'addHeaderToSavedata.Rd':
‘director’
Documented arguments not in \usage in Rd file 'extractIndirect.Rd':
‘curFile’
Documented arguments not in \usage in Rd file 'extractIndirect_section.Rd':
‘curFile’
Documented arguments not in \usage in Rd file 'graphModel.Rd':
‘The’
Functions with \usage entries need to have the appropriate \alias
entries, and all their arguments documented.
The \usage entries must correspond to syntactically valid R code.
See chapter ‘Writing R documentation files’ in the ‘Writing R
Extensions’ manual.
Flavors: r-devel-linux-x86_64-debian-clang, r-devel-linux-x86_64-debian-gcc, r-devel-linux-x86_64-fedora-clang, r-devel-linux-x86_64-fedora-gcc, r-devel-windows-x86_64
Version: 1.1.0
Check: package dependencies
Result: NOTE
Package suggested but not available for checking: ‘rhdf5’
Flavors: r-release-macos-arm64, r-release-macos-x86_64, r-oldrel-macos-arm64