CRAN Package Check Results for Package NADA2

Last updated on 2024-06-12 20:59:04 CEST.

Flavor Version Tinstall Tcheck Ttotal Status Flags
r-devel-linux-x86_64-debian-clang 1.1.6 18.80 589.00 607.80 OK
r-devel-linux-x86_64-debian-gcc 1.1.6 0.53 1.77 2.30 ERROR
r-devel-linux-x86_64-fedora-clang 1.1.6 736.94 NOTE
r-devel-linux-x86_64-fedora-gcc 1.1.6 801.20 NOTE
r-devel-windows-x86_64 1.1.6 18.00 434.00 452.00 OK
r-patched-linux-x86_64 1.1.6 18.29 618.50 636.79 OK
r-release-linux-x86_64 1.1.6 18.31 603.70 622.01 OK
r-release-macos-arm64 1.1.6 214.00 OK
r-release-macos-x86_64 1.1.6 344.00 OK
r-release-windows-x86_64 1.1.6 17.00 436.00 453.00 OK
r-oldrel-macos-arm64 1.1.6 164.00 OK
r-oldrel-macos-x86_64 1.1.6 237.00 OK
r-oldrel-windows-x86_64 1.1.6 22.00 591.00 613.00 OK

Check Details

Version: 1.1.6
Check: package dependencies
Result: ERROR Packages required but not available: 'EnvStats', 'survminer' Packages suggested but not available for checking: 'car', 'rms' See section ‘The DESCRIPTION file’ in the ‘Writing R Extensions’ manual. Flavor: r-devel-linux-x86_64-debian-gcc

Version: 1.1.6
Check: dependencies in R code
Result: NOTE Namespaces in Imports field not imported from: ‘Kendall’ ‘perm’ All declared Imports should be used. Flavors: r-devel-linux-x86_64-fedora-clang, r-devel-linux-x86_64-fedora-gcc

Version: 1.1.6
Check: data for non-ASCII characters
Result: NOTE Note: found 63 marked UTF-8 strings Flavors: r-devel-linux-x86_64-fedora-clang, r-devel-linux-x86_64-fedora-gcc