CRAN Package Check Results for Package NBDesign

Last updated on 2025-01-22 20:49:36 CET.

Flavor Version Tinstall Tcheck Ttotal Status Flags
r-devel-linux-x86_64-debian-clang 2.0.0 6.69 52.42 59.11 OK
r-devel-linux-x86_64-debian-gcc 2.0.0 5.12 40.22 45.34 OK
r-devel-linux-x86_64-fedora-clang 2.0.0 98.56 OK
r-devel-linux-x86_64-fedora-gcc 2.0.0 88.70 OK
r-devel-windows-x86_64 2.0.0 7.00 65.00 72.00 OK
r-patched-linux-x86_64 2.0.0 5.61 49.97 55.58 NOTE
r-release-linux-x86_64 2.0.0 6.48 50.06 56.54 NOTE
r-release-macos-arm64 2.0.0 29.00 NOTE
r-release-macos-x86_64 2.0.0 45.00 NOTE
r-release-windows-x86_64 2.0.0 7.00 74.00 81.00 NOTE
r-oldrel-macos-arm64 2.0.0 33.00 NOTE
r-oldrel-macos-x86_64 2.0.0 52.00 NOTE
r-oldrel-windows-x86_64 2.0.0 9.00 77.00 86.00 NOTE

Check Details

Version: 2.0.0
Check: LazyData
Result: NOTE 'LazyData' is specified without a 'data' directory Flavors: r-patched-linux-x86_64, r-release-linux-x86_64, r-release-macos-arm64, r-release-macos-x86_64, r-release-windows-x86_64, r-oldrel-macos-arm64, r-oldrel-macos-x86_64, r-oldrel-windows-x86_64